{"id":3071,"date":"2020-01-26T16:07:36","date_gmt":"2020-01-26T16:07:36","guid":{"rendered":"https:\/\/sleepcity.ee\/?post_type=product&#038;p=3071"},"modified":"2023-11-02T14:04:55","modified_gmt":"2023-11-02T14:04:55","slug":"tempur-fit-madratsi-kaitselina","status":"publish","type":"product","link":"https:\/\/sleepcity.ee\/toode\/tempur-fit-madratsi-kaitselina\/","title":{"rendered":"TEMPUR-FIT\u2122 MADRATSI KAITSELINA"},"content":{"rendered":"<div class=\"p-rich_text_section\">Tootekirjeldus<\/div>\n<ul class=\"p-rich_text_list p-rich_text_list__bullet\" data-stringify-type=\"unordered-list\" data-indent=\"0\">\n<li>\u00a0TEMPUR-FIT madratsi kaitselina on veekindel, kuid hingav naturaasetest kiududest koosnevast materjalist.\u00a0Madratsi kaitselina\u00a0nii \u00f6elda &#8217;intelligentne membraan&#8217; kaitseb niiskuse eest ja on turul saadavatest kaitsetest k\u00f5ige \u00f5hem.<\/li>\n<li>Madratsikaitsed on saadaval erinevaid v\u00e4rve.<\/li>\n<li>Madratsi kaitselinu pestakse kuni 90 kraadises vees.<\/li>\n<li>TEMPUR-FIT madratsi kaitselinad on madratsite erinevate k\u00f5rguste jaoks, k\u00fcsi lisa Tempuri esindaja k\u00e4est.<\/li>\n<\/ul>\n","protected":false},"excerpt":{"rendered":"<div class=\"p-rich_text_section\">Tootekirjeldus<\/div>\n<ul class=\"p-rich_text_list p-rich_text_list__bullet\" data-stringify-type=\"unordered-list\" data-indent=\"0\">\n<li>\u00a0TEMPUR-FIT madratsi kaitselina on veekindel, kuid hingav naturaasetest kiududest koosnevast materjalist.\u00a0Madratsi kaitselina\u00a0nii \u00f6elda &#8217;intelligentne membraan&#8217; kaitseb niiskuse eest ja on turul saadavatest kaitsetest k\u00f5ige \u00f5hem.<\/li>\n<li>Madratsikaitsed on saadaval erinevaid v\u00e4rve.<\/li>\n<li>Madratsi kaitselinu pestakse kuni 90 kraadises vees.<\/li>\n<li>TEMPUR-FIT madratsi kaitselinad on madratsite erinevate k\u00f5rguste jaoks, k\u00fcsi lisa Tempuri esindaja k\u00e4est.<\/li>\n<\/ul>\n","protected":false},"featured_media":3080,"comment_status":"open","ping_status":"closed","template":"","meta":{"_monsterinsights_skip_tracking":false,"_monsterinsights_sitenote_active":false,"_monsterinsights_sitenote_note":"","_monsterinsights_sitenote_category":0},"product_brand":[],"product_cat":[266,90],"product_tag":[],"class_list":{"0":"post-3071","1":"product","2":"type-product","3":"status-publish","4":"has-post-thumbnail","6":"product_cat-tempur-kaitselinad","7":"product_cat-voodipesu","9":"first","10":"instock","11":"taxable","12":"shipping-taxable","13":"purchasable","14":"product-type-variable"},"yoast_head":"<!-- This site is optimized with the Yoast SEO plugin v27.4 - https:\/\/yoast.com\/product\/yoast-seo-wordpress\/ -->\n<title>TEMPUR-FIT\u2122 MADRATSI KAITSELINA - SleepCity - Hea Une Valem<\/title>\n<meta name=\"description\" content=\"Tootekirjeldus   \u00a0TEMPUR-FIT madratsi kaitselina on veekindel, kuid hingav naturaasetest kiududest koosnevast materjalist.\u00a0Madratsi kaitselina\u00a0nii \u00f6elda &#039;intelligentne membraan&#039; kaitseb niiskuse eest ja on turul saadavatest kaitsetest k\u00f5ige \u00f5hem.  Madratsikaitsed on saadaval erinevaid v\u00e4rve.  Madratsi kaitselinu pestakse kuni 90 kraadises vees.  TEMPUR-FIT madratsi kaitselinad on madratsite erinevate k\u00f5rguste jaoks, k\u00fcsi lisa Tempuri esindaja k\u00e4est.\" \/>\n<meta name=\"robots\" content=\"index, follow, max-snippet:-1, max-image-preview:large, max-video-preview:-1\" \/>\n<link rel=\"canonical\" href=\"https:\/\/www.sleepcity.ee\/toode\/tempur-fit-madratsi-kaitselina\/\" \/>\n<meta property=\"og:locale\" content=\"et_EE\" \/>\n<meta property=\"og:type\" content=\"article\" \/>\n<meta property=\"og:title\" content=\"TEMPUR-FIT\u2122 MADRATSI KAITSELINA - SleepCity - Hea Une Valem\" \/>\n<meta property=\"og:description\" content=\"Tootekirjeldus   \u00a0TEMPUR-FIT madratsi kaitselina on veekindel, kuid hingav naturaasetest kiududest koosnevast materjalist.\u00a0Madratsi kaitselina\u00a0nii \u00f6elda &#039;intelligentne membraan&#039; kaitseb niiskuse eest ja on turul saadavatest kaitsetest k\u00f5ige \u00f5hem.  Madratsikaitsed on saadaval erinevaid v\u00e4rve.  Madratsi kaitselinu pestakse kuni 90 kraadises vees.  TEMPUR-FIT madratsi kaitselinad on madratsite erinevate k\u00f5rguste jaoks, k\u00fcsi lisa Tempuri esindaja k\u00e4est.\" \/>\n<meta property=\"og:url\" content=\"https:\/\/www.sleepcity.ee\/toode\/tempur-fit-madratsi-kaitselina\/\" \/>\n<meta property=\"og:site_name\" content=\"SleepCity - Hea Une Valem\" \/>\n<meta property=\"article:publisher\" content=\"http:\/\/www.fb.com\/TempurEstonia\" \/>\n<meta property=\"article:modified_time\" content=\"2023-11-02T14:04:55+00:00\" \/>\n<meta property=\"og:image\" content=\"https:\/\/www.sleepcity.ee\/wp-content\/uploads\/2020\/01\/\u0414\u0438\u0437\u0430\u0439\u043d-\u0431\u0435\u0437-\u043d\u0430\u0437\u0432\u0430\u043d\u0438\u044f-5.png\" \/>\n\t<meta property=\"og:image:width\" content=\"1080\" \/>\n\t<meta property=\"og:image:height\" content=\"1080\" \/>\n\t<meta property=\"og:image:type\" content=\"image\/png\" \/>\n<meta name=\"twitter:card\" content=\"summary_large_image\" \/>\n<script type=\"application\/ld+json\" class=\"yoast-schema-graph\">{\"@context\":\"https:\\\/\\\/schema.org\",\"@graph\":[{\"@type\":\"WebPage\",\"@id\":\"https:\\\/\\\/www.sleepcity.ee\\\/toode\\\/tempur-fit-madratsi-kaitselina\\\/\",\"url\":\"https:\\\/\\\/www.sleepcity.ee\\\/toode\\\/tempur-fit-madratsi-kaitselina\\\/\",\"name\":\"TEMPUR-FIT\u2122 MADRATSI KAITSELINA - SleepCity - Hea Une Valem\",\"isPartOf\":{\"@id\":\"https:\\\/\\\/sleepcity.ee\\\/#website\"},\"primaryImageOfPage\":{\"@id\":\"https:\\\/\\\/www.sleepcity.ee\\\/toode\\\/tempur-fit-madratsi-kaitselina\\\/#primaryimage\"},\"image\":{\"@id\":\"https:\\\/\\\/www.sleepcity.ee\\\/toode\\\/tempur-fit-madratsi-kaitselina\\\/#primaryimage\"},\"thumbnailUrl\":\"https:\\\/\\\/sleepcity.ee\\\/wp-content\\\/uploads\\\/2020\\\/01\\\/\u0414\u0438\u0437\u0430\u0439\u043d-\u0431\u0435\u0437-\u043d\u0430\u0437\u0432\u0430\u043d\u0438\u044f-5.png\",\"datePublished\":\"2020-01-26T16:07:36+00:00\",\"dateModified\":\"2023-11-02T14:04:55+00:00\",\"description\":\"Tootekirjeldus \u00a0TEMPUR-FIT madratsi kaitselina on veekindel, kuid hingav naturaasetest kiududest koosnevast materjalist.\u00a0Madratsi kaitselina\u00a0nii \u00f6elda 'intelligentne membraan' kaitseb niiskuse eest ja on turul saadavatest kaitsetest k\u00f5ige \u00f5hem. Madratsikaitsed on saadaval erinevaid v\u00e4rve. Madratsi kaitselinu pestakse kuni 90 kraadises vees. TEMPUR-FIT madratsi kaitselinad on madratsite erinevate k\u00f5rguste jaoks, k\u00fcsi lisa Tempuri esindaja k\u00e4est.\",\"breadcrumb\":{\"@id\":\"https:\\\/\\\/www.sleepcity.ee\\\/toode\\\/tempur-fit-madratsi-kaitselina\\\/#breadcrumb\"},\"inLanguage\":\"et\",\"potentialAction\":[{\"@type\":\"ReadAction\",\"target\":[\"https:\\\/\\\/www.sleepcity.ee\\\/toode\\\/tempur-fit-madratsi-kaitselina\\\/\"]}]},{\"@type\":\"ImageObject\",\"inLanguage\":\"et\",\"@id\":\"https:\\\/\\\/www.sleepcity.ee\\\/toode\\\/tempur-fit-madratsi-kaitselina\\\/#primaryimage\",\"url\":\"https:\\\/\\\/sleepcity.ee\\\/wp-content\\\/uploads\\\/2020\\\/01\\\/\u0414\u0438\u0437\u0430\u0439\u043d-\u0431\u0435\u0437-\u043d\u0430\u0437\u0432\u0430\u043d\u0438\u044f-5.png\",\"contentUrl\":\"https:\\\/\\\/sleepcity.ee\\\/wp-content\\\/uploads\\\/2020\\\/01\\\/\u0414\u0438\u0437\u0430\u0439\u043d-\u0431\u0435\u0437-\u043d\u0430\u0437\u0432\u0430\u043d\u0438\u044f-5.png\",\"width\":1080,\"height\":1080},{\"@type\":\"BreadcrumbList\",\"@id\":\"https:\\\/\\\/www.sleepcity.ee\\\/toode\\\/tempur-fit-madratsi-kaitselina\\\/#breadcrumb\",\"itemListElement\":[{\"@type\":\"ListItem\",\"position\":1,\"name\":\"Home\",\"item\":\"https:\\\/\\\/sleepcity.ee\\\/\"},{\"@type\":\"ListItem\",\"position\":2,\"name\":\"Pood\",\"item\":\"https:\\\/\\\/sleepcity.ee\\\/pood\\\/\"},{\"@type\":\"ListItem\",\"position\":3,\"name\":\"TEMPUR-FIT\u2122 MADRATSI KAITSELINA\"}]},{\"@type\":\"WebSite\",\"@id\":\"https:\\\/\\\/sleepcity.ee\\\/#website\",\"url\":\"https:\\\/\\\/sleepcity.ee\\\/\",\"name\":\"Tempur Shop\",\"description\":\"TEMPUR madratsid, voodid, padjad ja muud unetooted.\",\"publisher\":{\"@id\":\"https:\\\/\\\/sleepcity.ee\\\/#organization\"},\"potentialAction\":[{\"@type\":\"SearchAction\",\"target\":{\"@type\":\"EntryPoint\",\"urlTemplate\":\"https:\\\/\\\/sleepcity.ee\\\/?s={search_term_string}\"},\"query-input\":{\"@type\":\"PropertyValueSpecification\",\"valueRequired\":true,\"valueName\":\"search_term_string\"}}],\"inLanguage\":\"et\"},{\"@type\":\"Organization\",\"@id\":\"https:\\\/\\\/sleepcity.ee\\\/#organization\",\"name\":\"VG Design O\u00dc\",\"url\":\"https:\\\/\\\/sleepcity.ee\\\/\",\"logo\":{\"@type\":\"ImageObject\",\"inLanguage\":\"et\",\"@id\":\"https:\\\/\\\/sleepcity.ee\\\/#\\\/schema\\\/logo\\\/image\\\/\",\"url\":\"https:\\\/\\\/sleepcity.ee\\\/wp-content\\\/uploads\\\/2023\\\/09\\\/sleepcity_logo.png\",\"contentUrl\":\"https:\\\/\\\/sleepcity.ee\\\/wp-content\\\/uploads\\\/2023\\\/09\\\/sleepcity_logo.png\",\"width\":1034,\"height\":318,\"caption\":\"VG Design O\u00dc\"},\"image\":{\"@id\":\"https:\\\/\\\/sleepcity.ee\\\/#\\\/schema\\\/logo\\\/image\\\/\"},\"sameAs\":[\"http:\\\/\\\/www.fb.com\\\/TempurEstonia\",\"http:\\\/\\\/www.instagram.com\\\/tempurestonia\"]}]}<\/script>\n<!-- \/ Yoast SEO plugin. -->","yoast_head_json":{"title":"TEMPUR-FIT\u2122 MADRATSI KAITSELINA - SleepCity - Hea Une Valem","description":"Tootekirjeldus   \u00a0TEMPUR-FIT madratsi kaitselina on veekindel, kuid hingav naturaasetest kiududest koosnevast materjalist.\u00a0Madratsi kaitselina\u00a0nii \u00f6elda 'intelligentne membraan' kaitseb niiskuse eest ja on turul saadavatest kaitsetest k\u00f5ige \u00f5hem.  Madratsikaitsed on saadaval erinevaid v\u00e4rve.  Madratsi kaitselinu pestakse kuni 90 kraadises vees.  TEMPUR-FIT madratsi kaitselinad on madratsite erinevate k\u00f5rguste jaoks, k\u00fcsi lisa Tempuri esindaja k\u00e4est.","robots":{"index":"index","follow":"follow","max-snippet":"max-snippet:-1","max-image-preview":"max-image-preview:large","max-video-preview":"max-video-preview:-1"},"canonical":"https:\/\/www.sleepcity.ee\/toode\/tempur-fit-madratsi-kaitselina\/","og_locale":"et_EE","og_type":"article","og_title":"TEMPUR-FIT\u2122 MADRATSI KAITSELINA - SleepCity - Hea Une Valem","og_description":"Tootekirjeldus   \u00a0TEMPUR-FIT madratsi kaitselina on veekindel, kuid hingav naturaasetest kiududest koosnevast materjalist.\u00a0Madratsi kaitselina\u00a0nii \u00f6elda 'intelligentne membraan' kaitseb niiskuse eest ja on turul saadavatest kaitsetest k\u00f5ige \u00f5hem.  Madratsikaitsed on saadaval erinevaid v\u00e4rve.  Madratsi kaitselinu pestakse kuni 90 kraadises vees.  TEMPUR-FIT madratsi kaitselinad on madratsite erinevate k\u00f5rguste jaoks, k\u00fcsi lisa Tempuri esindaja k\u00e4est.","og_url":"https:\/\/www.sleepcity.ee\/toode\/tempur-fit-madratsi-kaitselina\/","og_site_name":"SleepCity - Hea Une Valem","article_publisher":"http:\/\/www.fb.com\/TempurEstonia","article_modified_time":"2023-11-02T14:04:55+00:00","og_image":[{"width":1080,"height":1080,"url":"https:\/\/www.sleepcity.ee\/wp-content\/uploads\/2020\/01\/\u0414\u0438\u0437\u0430\u0439\u043d-\u0431\u0435\u0437-\u043d\u0430\u0437\u0432\u0430\u043d\u0438\u044f-5.png","type":"image\/png"}],"twitter_card":"summary_large_image","schema":{"@context":"https:\/\/schema.org","@graph":[{"@type":"WebPage","@id":"https:\/\/www.sleepcity.ee\/toode\/tempur-fit-madratsi-kaitselina\/","url":"https:\/\/www.sleepcity.ee\/toode\/tempur-fit-madratsi-kaitselina\/","name":"TEMPUR-FIT\u2122 MADRATSI KAITSELINA - SleepCity - Hea Une Valem","isPartOf":{"@id":"https:\/\/sleepcity.ee\/#website"},"primaryImageOfPage":{"@id":"https:\/\/www.sleepcity.ee\/toode\/tempur-fit-madratsi-kaitselina\/#primaryimage"},"image":{"@id":"https:\/\/www.sleepcity.ee\/toode\/tempur-fit-madratsi-kaitselina\/#primaryimage"},"thumbnailUrl":"https:\/\/sleepcity.ee\/wp-content\/uploads\/2020\/01\/\u0414\u0438\u0437\u0430\u0439\u043d-\u0431\u0435\u0437-\u043d\u0430\u0437\u0432\u0430\u043d\u0438\u044f-5.png","datePublished":"2020-01-26T16:07:36+00:00","dateModified":"2023-11-02T14:04:55+00:00","description":"Tootekirjeldus \u00a0TEMPUR-FIT madratsi kaitselina on veekindel, kuid hingav naturaasetest kiududest koosnevast materjalist.\u00a0Madratsi kaitselina\u00a0nii \u00f6elda 'intelligentne membraan' kaitseb niiskuse eest ja on turul saadavatest kaitsetest k\u00f5ige \u00f5hem. Madratsikaitsed on saadaval erinevaid v\u00e4rve. Madratsi kaitselinu pestakse kuni 90 kraadises vees. TEMPUR-FIT madratsi kaitselinad on madratsite erinevate k\u00f5rguste jaoks, k\u00fcsi lisa Tempuri esindaja k\u00e4est.","breadcrumb":{"@id":"https:\/\/www.sleepcity.ee\/toode\/tempur-fit-madratsi-kaitselina\/#breadcrumb"},"inLanguage":"et","potentialAction":[{"@type":"ReadAction","target":["https:\/\/www.sleepcity.ee\/toode\/tempur-fit-madratsi-kaitselina\/"]}]},{"@type":"ImageObject","inLanguage":"et","@id":"https:\/\/www.sleepcity.ee\/toode\/tempur-fit-madratsi-kaitselina\/#primaryimage","url":"https:\/\/sleepcity.ee\/wp-content\/uploads\/2020\/01\/\u0414\u0438\u0437\u0430\u0439\u043d-\u0431\u0435\u0437-\u043d\u0430\u0437\u0432\u0430\u043d\u0438\u044f-5.png","contentUrl":"https:\/\/sleepcity.ee\/wp-content\/uploads\/2020\/01\/\u0414\u0438\u0437\u0430\u0439\u043d-\u0431\u0435\u0437-\u043d\u0430\u0437\u0432\u0430\u043d\u0438\u044f-5.png","width":1080,"height":1080},{"@type":"BreadcrumbList","@id":"https:\/\/www.sleepcity.ee\/toode\/tempur-fit-madratsi-kaitselina\/#breadcrumb","itemListElement":[{"@type":"ListItem","position":1,"name":"Home","item":"https:\/\/sleepcity.ee\/"},{"@type":"ListItem","position":2,"name":"Pood","item":"https:\/\/sleepcity.ee\/pood\/"},{"@type":"ListItem","position":3,"name":"TEMPUR-FIT\u2122 MADRATSI KAITSELINA"}]},{"@type":"WebSite","@id":"https:\/\/sleepcity.ee\/#website","url":"https:\/\/sleepcity.ee\/","name":"Tempur Shop","description":"TEMPUR madratsid, voodid, padjad ja muud unetooted.","publisher":{"@id":"https:\/\/sleepcity.ee\/#organization"},"potentialAction":[{"@type":"SearchAction","target":{"@type":"EntryPoint","urlTemplate":"https:\/\/sleepcity.ee\/?s={search_term_string}"},"query-input":{"@type":"PropertyValueSpecification","valueRequired":true,"valueName":"search_term_string"}}],"inLanguage":"et"},{"@type":"Organization","@id":"https:\/\/sleepcity.ee\/#organization","name":"VG Design O\u00dc","url":"https:\/\/sleepcity.ee\/","logo":{"@type":"ImageObject","inLanguage":"et","@id":"https:\/\/sleepcity.ee\/#\/schema\/logo\/image\/","url":"https:\/\/sleepcity.ee\/wp-content\/uploads\/2023\/09\/sleepcity_logo.png","contentUrl":"https:\/\/sleepcity.ee\/wp-content\/uploads\/2023\/09\/sleepcity_logo.png","width":1034,"height":318,"caption":"VG Design O\u00dc"},"image":{"@id":"https:\/\/sleepcity.ee\/#\/schema\/logo\/image\/"},"sameAs":["http:\/\/www.fb.com\/TempurEstonia","http:\/\/www.instagram.com\/tempurestonia"]}]}},"_links":{"self":[{"href":"https:\/\/sleepcity.ee\/wp-json\/wp\/v2\/product\/3071","targetHints":{"allow":["GET"]}}],"collection":[{"href":"https:\/\/sleepcity.ee\/wp-json\/wp\/v2\/product"}],"about":[{"href":"https:\/\/sleepcity.ee\/wp-json\/wp\/v2\/types\/product"}],"replies":[{"embeddable":true,"href":"https:\/\/sleepcity.ee\/wp-json\/wp\/v2\/comments?post=3071"}],"wp:featuredmedia":[{"embeddable":true,"href":"https:\/\/sleepcity.ee\/wp-json\/wp\/v2\/media\/3080"}],"wp:attachment":[{"href":"https:\/\/sleepcity.ee\/wp-json\/wp\/v2\/media?parent=3071"}],"wp:term":[{"taxonomy":"product_brand","embeddable":true,"href":"https:\/\/sleepcity.ee\/wp-json\/wp\/v2\/product_brand?post=3071"},{"taxonomy":"product_cat","embeddable":true,"href":"https:\/\/sleepcity.ee\/wp-json\/wp\/v2\/product_cat?post=3071"},{"taxonomy":"product_tag","embeddable":true,"href":"https:\/\/sleepcity.ee\/wp-json\/wp\/v2\/product_tag?post=3071"}],"curies":[{"name":"wp","href":"https:\/\/api.w.org\/{rel}","templated":true}]}}