{"id":4316,"date":"2020-04-27T15:07:56","date_gmt":"2020-04-27T15:07:56","guid":{"rendered":"https:\/\/sleepcity.ee\/?post_type=product&#038;p=4316"},"modified":"2023-11-02T16:21:50","modified_gmt":"2023-11-02T16:21:50","slug":"tempur-istmepadi-tempur-seat-cushion","status":"publish","type":"product","link":"https:\/\/sleepcity.ee\/toode\/tempur-istmepadi-tempur-seat-cushion\/","title":{"rendered":"TEMPUR ISTMEPADI TEMPUR SEAT CUSHION"},"content":{"rendered":"<div class=\"description-description\">\n<div class=\"description-description\">\n<div class=\"p-rich_text_section\">Tempur istmepadi, mis jaotab kehakaalu \u00fchtlasemalt, muudab istumise mugavamaks ja ei v\u00e4sita. V\u00f5imalik kasutada enamikel toolidel.<br \/>\nSuurus: 40x40x5 cm<\/div>\n<\/div>\n<\/div>\n","protected":false},"excerpt":{"rendered":"<div class=\"description-description\">\n<ul>\n<li>Tempur istmepadi, mis jaotab kehakaalu \u00fchtlasemalt, muudab istumise mugavamaks ja ei v\u00e4sita. V\u00f5imalik kasutada enamikel toolidel.<br \/>\nSuurus: 40x40x5 cm<\/li>\n<\/ul>\n<\/div>\n","protected":false},"featured_media":4318,"comment_status":"closed","ping_status":"closed","template":"","meta":{"_monsterinsights_skip_tracking":false,"_monsterinsights_sitenote_active":false,"_monsterinsights_sitenote_note":"","_monsterinsights_sitenote_category":0},"product_brand":[],"product_cat":[421,15,420,422],"product_tag":[],"class_list":{"0":"post-4316","1":"product","2":"type-product","3":"status-publish","4":"has-post-thumbnail","6":"product_cat-kodus","7":"product_cat-muu","8":"product_cat-reisil","9":"product_cat-tool","11":"first","12":"instock","13":"taxable","14":"shipping-taxable","15":"purchasable","16":"product-type-simple"},"yoast_head":"<!-- This site is optimized with the Yoast SEO plugin v27.3 - https:\/\/yoast.com\/product\/yoast-seo-wordpress\/ -->\n<title>TEMPUR ISTMEPADI TEMPUR SEAT CUSHION - SleepCity - Hea Une Valem<\/title>\n<meta name=\"description\" content=\"Tempur istmepadi, mis jaotab kehakaalu \u00fchtlasemalt, muudab istumise mugavamaks ja ei v\u00e4sita. V\u00f5imalik kasutada enamikel toolidel. Suurus: 40x40x5 cm\" \/>\n<meta name=\"robots\" content=\"index, follow, max-snippet:-1, max-image-preview:large, max-video-preview:-1\" \/>\n<link rel=\"canonical\" href=\"https:\/\/www.sleepcity.ee\/toode\/tempur-istmepadi-tempur-seat-cushion\/\" \/>\n<meta property=\"og:locale\" content=\"et_EE\" \/>\n<meta property=\"og:type\" content=\"article\" \/>\n<meta property=\"og:title\" content=\"TEMPUR ISTMEPADI TEMPUR SEAT CUSHION - SleepCity - Hea Une Valem\" \/>\n<meta property=\"og:description\" content=\"Tempur istmepadi, mis jaotab kehakaalu \u00fchtlasemalt, muudab istumise mugavamaks ja ei v\u00e4sita. V\u00f5imalik kasutada enamikel toolidel. Suurus: 40x40x5 cm\" \/>\n<meta property=\"og:url\" content=\"https:\/\/www.sleepcity.ee\/toode\/tempur-istmepadi-tempur-seat-cushion\/\" \/>\n<meta property=\"og:site_name\" content=\"SleepCity - Hea Une Valem\" \/>\n<meta property=\"article:publisher\" content=\"http:\/\/www.fb.com\/TempurEstonia\" \/>\n<meta property=\"article:modified_time\" content=\"2023-11-02T16:21:50+00:00\" \/>\n<meta property=\"og:image\" content=\"https:\/\/sleepcity.ee\/wp-content\/uploads\/2020\/04\/71lqJ0EIKML._AC_SL1500_.jpg\" \/>\n\t<meta property=\"og:image:width\" content=\"1437\" \/>\n\t<meta property=\"og:image:height\" content=\"1500\" \/>\n\t<meta property=\"og:image:type\" content=\"image\/jpeg\" \/>\n<meta name=\"twitter:card\" content=\"summary_large_image\" \/>\n<script type=\"application\/ld+json\" class=\"yoast-schema-graph\">{\"@context\":\"https:\\\/\\\/schema.org\",\"@graph\":[{\"@type\":\"WebPage\",\"@id\":\"https:\\\/\\\/www.sleepcity.ee\\\/toode\\\/tempur-istmepadi-tempur-seat-cushion\\\/\",\"url\":\"https:\\\/\\\/www.sleepcity.ee\\\/toode\\\/tempur-istmepadi-tempur-seat-cushion\\\/\",\"name\":\"TEMPUR ISTMEPADI TEMPUR SEAT CUSHION - SleepCity - Hea Une Valem\",\"isPartOf\":{\"@id\":\"https:\\\/\\\/sleepcity.ee\\\/#website\"},\"primaryImageOfPage\":{\"@id\":\"https:\\\/\\\/www.sleepcity.ee\\\/toode\\\/tempur-istmepadi-tempur-seat-cushion\\\/#primaryimage\"},\"image\":{\"@id\":\"https:\\\/\\\/www.sleepcity.ee\\\/toode\\\/tempur-istmepadi-tempur-seat-cushion\\\/#primaryimage\"},\"thumbnailUrl\":\"https:\\\/\\\/sleepcity.ee\\\/wp-content\\\/uploads\\\/2020\\\/04\\\/71lqJ0EIKML._AC_SL1500_.jpg\",\"datePublished\":\"2020-04-27T15:07:56+00:00\",\"dateModified\":\"2023-11-02T16:21:50+00:00\",\"description\":\"Tempur istmepadi, mis jaotab kehakaalu \u00fchtlasemalt, muudab istumise mugavamaks ja ei v\u00e4sita. V\u00f5imalik kasutada enamikel toolidel. Suurus: 40x40x5 cm\",\"breadcrumb\":{\"@id\":\"https:\\\/\\\/www.sleepcity.ee\\\/toode\\\/tempur-istmepadi-tempur-seat-cushion\\\/#breadcrumb\"},\"inLanguage\":\"et\",\"potentialAction\":[{\"@type\":\"ReadAction\",\"target\":[\"https:\\\/\\\/www.sleepcity.ee\\\/toode\\\/tempur-istmepadi-tempur-seat-cushion\\\/\"]}]},{\"@type\":\"ImageObject\",\"inLanguage\":\"et\",\"@id\":\"https:\\\/\\\/www.sleepcity.ee\\\/toode\\\/tempur-istmepadi-tempur-seat-cushion\\\/#primaryimage\",\"url\":\"https:\\\/\\\/sleepcity.ee\\\/wp-content\\\/uploads\\\/2020\\\/04\\\/71lqJ0EIKML._AC_SL1500_.jpg\",\"contentUrl\":\"https:\\\/\\\/sleepcity.ee\\\/wp-content\\\/uploads\\\/2020\\\/04\\\/71lqJ0EIKML._AC_SL1500_.jpg\",\"width\":1437,\"height\":1500},{\"@type\":\"BreadcrumbList\",\"@id\":\"https:\\\/\\\/www.sleepcity.ee\\\/toode\\\/tempur-istmepadi-tempur-seat-cushion\\\/#breadcrumb\",\"itemListElement\":[{\"@type\":\"ListItem\",\"position\":1,\"name\":\"Home\",\"item\":\"https:\\\/\\\/www.sleepcity.ee\\\/\"},{\"@type\":\"ListItem\",\"position\":2,\"name\":\"Pood\",\"item\":\"https:\\\/\\\/sleepcity.ee\\\/pood\\\/\"},{\"@type\":\"ListItem\",\"position\":3,\"name\":\"TEMPUR ISTMEPADI TEMPUR SEAT CUSHION\"}]},{\"@type\":\"WebSite\",\"@id\":\"https:\\\/\\\/sleepcity.ee\\\/#website\",\"url\":\"https:\\\/\\\/sleepcity.ee\\\/\",\"name\":\"Tempur Shop\",\"description\":\"TEMPUR madratsid, voodid, padjad ja muud unetooted.\",\"publisher\":{\"@id\":\"https:\\\/\\\/sleepcity.ee\\\/#organization\"},\"potentialAction\":[{\"@type\":\"SearchAction\",\"target\":{\"@type\":\"EntryPoint\",\"urlTemplate\":\"https:\\\/\\\/sleepcity.ee\\\/?s={search_term_string}\"},\"query-input\":{\"@type\":\"PropertyValueSpecification\",\"valueRequired\":true,\"valueName\":\"search_term_string\"}}],\"inLanguage\":\"et\"},{\"@type\":\"Organization\",\"@id\":\"https:\\\/\\\/sleepcity.ee\\\/#organization\",\"name\":\"VG Design O\u00dc\",\"url\":\"https:\\\/\\\/sleepcity.ee\\\/\",\"logo\":{\"@type\":\"ImageObject\",\"inLanguage\":\"et\",\"@id\":\"https:\\\/\\\/sleepcity.ee\\\/#\\\/schema\\\/logo\\\/image\\\/\",\"url\":\"https:\\\/\\\/sleepcity.ee\\\/wp-content\\\/uploads\\\/2023\\\/09\\\/sleepcity_logo.png\",\"contentUrl\":\"https:\\\/\\\/sleepcity.ee\\\/wp-content\\\/uploads\\\/2023\\\/09\\\/sleepcity_logo.png\",\"width\":1034,\"height\":318,\"caption\":\"VG Design O\u00dc\"},\"image\":{\"@id\":\"https:\\\/\\\/sleepcity.ee\\\/#\\\/schema\\\/logo\\\/image\\\/\"},\"sameAs\":[\"http:\\\/\\\/www.fb.com\\\/TempurEstonia\",\"http:\\\/\\\/www.instagram.com\\\/tempurestonia\"]}]}<\/script>\n<!-- \/ Yoast SEO plugin. -->","yoast_head_json":{"title":"TEMPUR ISTMEPADI TEMPUR SEAT CUSHION - SleepCity - Hea Une Valem","description":"Tempur istmepadi, mis jaotab kehakaalu \u00fchtlasemalt, muudab istumise mugavamaks ja ei v\u00e4sita. V\u00f5imalik kasutada enamikel toolidel. Suurus: 40x40x5 cm","robots":{"index":"index","follow":"follow","max-snippet":"max-snippet:-1","max-image-preview":"max-image-preview:large","max-video-preview":"max-video-preview:-1"},"canonical":"https:\/\/www.sleepcity.ee\/toode\/tempur-istmepadi-tempur-seat-cushion\/","og_locale":"et_EE","og_type":"article","og_title":"TEMPUR ISTMEPADI TEMPUR SEAT CUSHION - SleepCity - Hea Une Valem","og_description":"Tempur istmepadi, mis jaotab kehakaalu \u00fchtlasemalt, muudab istumise mugavamaks ja ei v\u00e4sita. V\u00f5imalik kasutada enamikel toolidel. Suurus: 40x40x5 cm","og_url":"https:\/\/www.sleepcity.ee\/toode\/tempur-istmepadi-tempur-seat-cushion\/","og_site_name":"SleepCity - Hea Une Valem","article_publisher":"http:\/\/www.fb.com\/TempurEstonia","article_modified_time":"2023-11-02T16:21:50+00:00","og_image":[{"width":1437,"height":1500,"url":"https:\/\/sleepcity.ee\/wp-content\/uploads\/2020\/04\/71lqJ0EIKML._AC_SL1500_.jpg","type":"image\/jpeg"}],"twitter_card":"summary_large_image","schema":{"@context":"https:\/\/schema.org","@graph":[{"@type":"WebPage","@id":"https:\/\/www.sleepcity.ee\/toode\/tempur-istmepadi-tempur-seat-cushion\/","url":"https:\/\/www.sleepcity.ee\/toode\/tempur-istmepadi-tempur-seat-cushion\/","name":"TEMPUR ISTMEPADI TEMPUR SEAT CUSHION - SleepCity - Hea Une Valem","isPartOf":{"@id":"https:\/\/sleepcity.ee\/#website"},"primaryImageOfPage":{"@id":"https:\/\/www.sleepcity.ee\/toode\/tempur-istmepadi-tempur-seat-cushion\/#primaryimage"},"image":{"@id":"https:\/\/www.sleepcity.ee\/toode\/tempur-istmepadi-tempur-seat-cushion\/#primaryimage"},"thumbnailUrl":"https:\/\/sleepcity.ee\/wp-content\/uploads\/2020\/04\/71lqJ0EIKML._AC_SL1500_.jpg","datePublished":"2020-04-27T15:07:56+00:00","dateModified":"2023-11-02T16:21:50+00:00","description":"Tempur istmepadi, mis jaotab kehakaalu \u00fchtlasemalt, muudab istumise mugavamaks ja ei v\u00e4sita. V\u00f5imalik kasutada enamikel toolidel. Suurus: 40x40x5 cm","breadcrumb":{"@id":"https:\/\/www.sleepcity.ee\/toode\/tempur-istmepadi-tempur-seat-cushion\/#breadcrumb"},"inLanguage":"et","potentialAction":[{"@type":"ReadAction","target":["https:\/\/www.sleepcity.ee\/toode\/tempur-istmepadi-tempur-seat-cushion\/"]}]},{"@type":"ImageObject","inLanguage":"et","@id":"https:\/\/www.sleepcity.ee\/toode\/tempur-istmepadi-tempur-seat-cushion\/#primaryimage","url":"https:\/\/sleepcity.ee\/wp-content\/uploads\/2020\/04\/71lqJ0EIKML._AC_SL1500_.jpg","contentUrl":"https:\/\/sleepcity.ee\/wp-content\/uploads\/2020\/04\/71lqJ0EIKML._AC_SL1500_.jpg","width":1437,"height":1500},{"@type":"BreadcrumbList","@id":"https:\/\/www.sleepcity.ee\/toode\/tempur-istmepadi-tempur-seat-cushion\/#breadcrumb","itemListElement":[{"@type":"ListItem","position":1,"name":"Home","item":"https:\/\/www.sleepcity.ee\/"},{"@type":"ListItem","position":2,"name":"Pood","item":"https:\/\/sleepcity.ee\/pood\/"},{"@type":"ListItem","position":3,"name":"TEMPUR ISTMEPADI TEMPUR SEAT CUSHION"}]},{"@type":"WebSite","@id":"https:\/\/sleepcity.ee\/#website","url":"https:\/\/sleepcity.ee\/","name":"Tempur Shop","description":"TEMPUR madratsid, voodid, padjad ja muud unetooted.","publisher":{"@id":"https:\/\/sleepcity.ee\/#organization"},"potentialAction":[{"@type":"SearchAction","target":{"@type":"EntryPoint","urlTemplate":"https:\/\/sleepcity.ee\/?s={search_term_string}"},"query-input":{"@type":"PropertyValueSpecification","valueRequired":true,"valueName":"search_term_string"}}],"inLanguage":"et"},{"@type":"Organization","@id":"https:\/\/sleepcity.ee\/#organization","name":"VG Design O\u00dc","url":"https:\/\/sleepcity.ee\/","logo":{"@type":"ImageObject","inLanguage":"et","@id":"https:\/\/sleepcity.ee\/#\/schema\/logo\/image\/","url":"https:\/\/sleepcity.ee\/wp-content\/uploads\/2023\/09\/sleepcity_logo.png","contentUrl":"https:\/\/sleepcity.ee\/wp-content\/uploads\/2023\/09\/sleepcity_logo.png","width":1034,"height":318,"caption":"VG Design O\u00dc"},"image":{"@id":"https:\/\/sleepcity.ee\/#\/schema\/logo\/image\/"},"sameAs":["http:\/\/www.fb.com\/TempurEstonia","http:\/\/www.instagram.com\/tempurestonia"]}]}},"_links":{"self":[{"href":"https:\/\/sleepcity.ee\/wp-json\/wp\/v2\/product\/4316","targetHints":{"allow":["GET"]}}],"collection":[{"href":"https:\/\/sleepcity.ee\/wp-json\/wp\/v2\/product"}],"about":[{"href":"https:\/\/sleepcity.ee\/wp-json\/wp\/v2\/types\/product"}],"replies":[{"embeddable":true,"href":"https:\/\/sleepcity.ee\/wp-json\/wp\/v2\/comments?post=4316"}],"wp:featuredmedia":[{"embeddable":true,"href":"https:\/\/sleepcity.ee\/wp-json\/wp\/v2\/media\/4318"}],"wp:attachment":[{"href":"https:\/\/sleepcity.ee\/wp-json\/wp\/v2\/media?parent=4316"}],"wp:term":[{"taxonomy":"product_brand","embeddable":true,"href":"https:\/\/sleepcity.ee\/wp-json\/wp\/v2\/product_brand?post=4316"},{"taxonomy":"product_cat","embeddable":true,"href":"https:\/\/sleepcity.ee\/wp-json\/wp\/v2\/product_cat?post=4316"},{"taxonomy":"product_tag","embeddable":true,"href":"https:\/\/sleepcity.ee\/wp-json\/wp\/v2\/product_tag?post=4316"}],"curies":[{"name":"wp","href":"https:\/\/api.w.org\/{rel}","templated":true}]}}