{"id":7553,"date":"2024-02-01T16:11:02","date_gmt":"2024-02-01T16:11:02","guid":{"rendered":"https:\/\/sleepcity.ee\/?post_type=product&#038;p=7553"},"modified":"2024-03-01T00:02:56","modified_gmt":"2024-03-01T00:02:56","slug":"ergomotion-ergobox-voodi-koos-voodipesukastiga","status":"publish","type":"product","link":"https:\/\/www.sleepcity.ee\/toode\/ergomotion-ergobox-voodi-koos-voodipesukastiga\/","title":{"rendered":"Ergomotion ErgoBox voodi koos voodipesukastiga"},"content":{"rendered":"<p>Reguleeritaval voodialusel (90&#215;200 2tk) on k\u00f5ik vajalikud funktsioonid, et viia teie magamistuba j\u00e4rgmisele tasemele.<\/p>\n<p>See erakordne voodialus muudab magamistoa s\u00f5na otseses m\u00f5ttes peretoaks, mille klient saab \u00fche nupuvajutusega oma vajadustele vastavaks muuta.<\/p>\n<p>&nbsp;<\/p>\n<p>Video: <a href=\"https:\/\/youtu.be\/xUBx8maevu0?si=yHmvU99d5JHWmGew\">https:\/\/www.youtube.com\/watch?v=xUBx8maevu0&amp;t=2s<\/a><\/p>\n","protected":false},"excerpt":{"rendered":"<div class=\"inner-product-title\"><strong>Ergomotion ErgoBox voodi koos voodipesukastiga 180x200cm<\/strong><\/div>\n<div class=\"inner-product-text\">\n<p>Mugavas ja praktilises ErgoBox voodis on \u00fchendatud vajadus puhkuseks ja tasakaaluks v\u00f5imalusega asju voodi alla hoiustada.<\/p>\n<p>P\u00f5hijooned:<\/p>\n<ul>\n<li>Juhtmeta kaugjuhtimispult<\/li>\n<li>Pea ja jalgade t\u00f5stmine\/langetamine<\/li>\n<li>Horisontaalne asend \u00fche nupuvajutusega<\/li>\n<li>Energias\u00e4\u00e4sture\u017eiim<\/li>\n<li>Silent Drive mootorid<\/li>\n<li>Gravitatsiooni abil laskumine<\/li>\n<li>Elektrikatkestuse kaitse<\/li>\n<\/ul>\n<\/div>\n","protected":false},"featured_media":7558,"comment_status":"open","ping_status":"closed","template":"","meta":{"_monsterinsights_skip_tracking":false,"_monsterinsights_sitenote_active":false,"_monsterinsights_sitenote_note":"","_monsterinsights_sitenote_category":0},"product_brand":[],"product_cat":[96,95],"product_tag":[],"class_list":{"0":"post-7553","1":"product","2":"type-product","3":"status-publish","4":"has-post-thumbnail","6":"product_cat-motoriseeritud-voodid","7":"product_cat-voodid","9":"first","10":"instock","11":"taxable","12":"shipping-taxable","13":"purchasable","14":"product-type-simple"},"yoast_head":"<!-- This site is optimized with the Yoast SEO plugin v27.4 - https:\/\/yoast.com\/product\/yoast-seo-wordpress\/ -->\n<title>Ergomotion ErgoBox voodi koos voodipesukastiga - SleepCity - Hea Une Valem<\/title>\n<meta name=\"description\" content=\"Ergomotion ErgoBox voodi koos voodipesukastiga 180x200cm   Mugavas ja praktilises ErgoBox voodis on \u00fchendatud vajadus puhkuseks ja tasakaaluks v\u00f5imalusega asju voodi alla hoiustada.  P\u00f5hijooned:   Juhtmeta kaugjuhtimispult  Pea ja jalgade t\u00f5stmine\/langetamine  Horisontaalne asend \u00fche nupuvajutusega  Energias\u00e4\u00e4sture\u017eiim  Silent Drive mootorid  Gravitatsiooni abil laskumine  Elektrikatkestuse kaitse\" \/>\n<meta name=\"robots\" content=\"index, follow, max-snippet:-1, max-image-preview:large, max-video-preview:-1\" \/>\n<link rel=\"canonical\" href=\"https:\/\/www.sleepcity.ee\/toode\/ergomotion-ergobox-voodi-koos-voodipesukastiga\/\" \/>\n<meta property=\"og:locale\" content=\"et_EE\" \/>\n<meta property=\"og:type\" content=\"article\" \/>\n<meta property=\"og:title\" content=\"Ergomotion ErgoBox voodi koos voodipesukastiga - SleepCity - Hea Une Valem\" \/>\n<meta property=\"og:description\" content=\"Ergomotion ErgoBox voodi koos voodipesukastiga 180x200cm   Mugavas ja praktilises ErgoBox voodis on \u00fchendatud vajadus puhkuseks ja tasakaaluks v\u00f5imalusega asju voodi alla hoiustada.  P\u00f5hijooned:   Juhtmeta kaugjuhtimispult  Pea ja jalgade t\u00f5stmine\/langetamine  Horisontaalne asend \u00fche nupuvajutusega  Energias\u00e4\u00e4sture\u017eiim  Silent Drive mootorid  Gravitatsiooni abil laskumine  Elektrikatkestuse kaitse\" \/>\n<meta property=\"og:url\" content=\"https:\/\/www.sleepcity.ee\/toode\/ergomotion-ergobox-voodi-koos-voodipesukastiga\/\" \/>\n<meta property=\"og:site_name\" content=\"SleepCity - Hea Une Valem\" \/>\n<meta property=\"article:publisher\" content=\"http:\/\/www.fb.com\/TempurEstonia\" \/>\n<meta property=\"article:modified_time\" content=\"2024-03-01T00:02:56+00:00\" \/>\n<meta property=\"og:image\" content=\"https:\/\/www.sleepcity.ee\/wp-content\/uploads\/2024\/02\/06_1695856898-9958f4bc45f57dfc8b12c874eff4d061.png\" \/>\n\t<meta property=\"og:image:width\" content=\"656\" \/>\n\t<meta property=\"og:image:height\" content=\"546\" \/>\n\t<meta property=\"og:image:type\" content=\"image\/png\" \/>\n<meta name=\"twitter:card\" content=\"summary_large_image\" \/>\n<script type=\"application\/ld+json\" class=\"yoast-schema-graph\">{\"@context\":\"https:\\\/\\\/schema.org\",\"@graph\":[{\"@type\":\"WebPage\",\"@id\":\"https:\\\/\\\/www.sleepcity.ee\\\/toode\\\/ergomotion-ergobox-voodi-koos-voodipesukastiga\\\/\",\"url\":\"https:\\\/\\\/www.sleepcity.ee\\\/toode\\\/ergomotion-ergobox-voodi-koos-voodipesukastiga\\\/\",\"name\":\"Ergomotion ErgoBox voodi koos voodipesukastiga - SleepCity - Hea Une Valem\",\"isPartOf\":{\"@id\":\"https:\\\/\\\/sleepcity.ee\\\/#website\"},\"primaryImageOfPage\":{\"@id\":\"https:\\\/\\\/www.sleepcity.ee\\\/toode\\\/ergomotion-ergobox-voodi-koos-voodipesukastiga\\\/#primaryimage\"},\"image\":{\"@id\":\"https:\\\/\\\/www.sleepcity.ee\\\/toode\\\/ergomotion-ergobox-voodi-koos-voodipesukastiga\\\/#primaryimage\"},\"thumbnailUrl\":\"https:\\\/\\\/www.sleepcity.ee\\\/wp-content\\\/uploads\\\/2024\\\/02\\\/06_1695856898-9958f4bc45f57dfc8b12c874eff4d061.png\",\"datePublished\":\"2024-02-01T16:11:02+00:00\",\"dateModified\":\"2024-03-01T00:02:56+00:00\",\"description\":\"Ergomotion ErgoBox voodi koos voodipesukastiga 180x200cm Mugavas ja praktilises ErgoBox voodis on \u00fchendatud vajadus puhkuseks ja tasakaaluks v\u00f5imalusega asju voodi alla hoiustada. P\u00f5hijooned: Juhtmeta kaugjuhtimispult Pea ja jalgade t\u00f5stmine\\\/langetamine Horisontaalne asend \u00fche nupuvajutusega Energias\u00e4\u00e4sture\u017eiim Silent Drive mootorid Gravitatsiooni abil laskumine Elektrikatkestuse kaitse\",\"breadcrumb\":{\"@id\":\"https:\\\/\\\/www.sleepcity.ee\\\/toode\\\/ergomotion-ergobox-voodi-koos-voodipesukastiga\\\/#breadcrumb\"},\"inLanguage\":\"et\",\"potentialAction\":[{\"@type\":\"ReadAction\",\"target\":[\"https:\\\/\\\/www.sleepcity.ee\\\/toode\\\/ergomotion-ergobox-voodi-koos-voodipesukastiga\\\/\"]}]},{\"@type\":\"ImageObject\",\"inLanguage\":\"et\",\"@id\":\"https:\\\/\\\/www.sleepcity.ee\\\/toode\\\/ergomotion-ergobox-voodi-koos-voodipesukastiga\\\/#primaryimage\",\"url\":\"https:\\\/\\\/www.sleepcity.ee\\\/wp-content\\\/uploads\\\/2024\\\/02\\\/06_1695856898-9958f4bc45f57dfc8b12c874eff4d061.png\",\"contentUrl\":\"https:\\\/\\\/www.sleepcity.ee\\\/wp-content\\\/uploads\\\/2024\\\/02\\\/06_1695856898-9958f4bc45f57dfc8b12c874eff4d061.png\",\"width\":656,\"height\":546},{\"@type\":\"BreadcrumbList\",\"@id\":\"https:\\\/\\\/www.sleepcity.ee\\\/toode\\\/ergomotion-ergobox-voodi-koos-voodipesukastiga\\\/#breadcrumb\",\"itemListElement\":[{\"@type\":\"ListItem\",\"position\":1,\"name\":\"Home\",\"item\":\"https:\\\/\\\/sleepcity.ee\\\/\"},{\"@type\":\"ListItem\",\"position\":2,\"name\":\"Pood\",\"item\":\"https:\\\/\\\/sleepcity.ee\\\/pood\\\/\"},{\"@type\":\"ListItem\",\"position\":3,\"name\":\"Ergomotion ErgoBox voodi koos voodipesukastiga\"}]},{\"@type\":\"WebSite\",\"@id\":\"https:\\\/\\\/sleepcity.ee\\\/#website\",\"url\":\"https:\\\/\\\/sleepcity.ee\\\/\",\"name\":\"Tempur Shop\",\"description\":\"TEMPUR madratsid, voodid, padjad ja muud unetooted.\",\"publisher\":{\"@id\":\"https:\\\/\\\/sleepcity.ee\\\/#organization\"},\"potentialAction\":[{\"@type\":\"SearchAction\",\"target\":{\"@type\":\"EntryPoint\",\"urlTemplate\":\"https:\\\/\\\/sleepcity.ee\\\/?s={search_term_string}\"},\"query-input\":{\"@type\":\"PropertyValueSpecification\",\"valueRequired\":true,\"valueName\":\"search_term_string\"}}],\"inLanguage\":\"et\"},{\"@type\":\"Organization\",\"@id\":\"https:\\\/\\\/sleepcity.ee\\\/#organization\",\"name\":\"VG Design O\u00dc\",\"url\":\"https:\\\/\\\/sleepcity.ee\\\/\",\"logo\":{\"@type\":\"ImageObject\",\"inLanguage\":\"et\",\"@id\":\"https:\\\/\\\/sleepcity.ee\\\/#\\\/schema\\\/logo\\\/image\\\/\",\"url\":\"https:\\\/\\\/www.sleepcity.ee\\\/wp-content\\\/uploads\\\/2023\\\/09\\\/sleepcity_logo.png\",\"contentUrl\":\"https:\\\/\\\/www.sleepcity.ee\\\/wp-content\\\/uploads\\\/2023\\\/09\\\/sleepcity_logo.png\",\"width\":1034,\"height\":318,\"caption\":\"VG Design O\u00dc\"},\"image\":{\"@id\":\"https:\\\/\\\/sleepcity.ee\\\/#\\\/schema\\\/logo\\\/image\\\/\"},\"sameAs\":[\"http:\\\/\\\/www.fb.com\\\/TempurEstonia\",\"http:\\\/\\\/www.instagram.com\\\/tempurestonia\"]}]}<\/script>\n<!-- \/ Yoast SEO plugin. -->","yoast_head_json":{"title":"Ergomotion ErgoBox voodi koos voodipesukastiga - SleepCity - Hea Une Valem","description":"Ergomotion ErgoBox voodi koos voodipesukastiga 180x200cm   Mugavas ja praktilises ErgoBox voodis on \u00fchendatud vajadus puhkuseks ja tasakaaluks v\u00f5imalusega asju voodi alla hoiustada.  P\u00f5hijooned:   Juhtmeta kaugjuhtimispult  Pea ja jalgade t\u00f5stmine\/langetamine  Horisontaalne asend \u00fche nupuvajutusega  Energias\u00e4\u00e4sture\u017eiim  Silent Drive mootorid  Gravitatsiooni abil laskumine  Elektrikatkestuse kaitse","robots":{"index":"index","follow":"follow","max-snippet":"max-snippet:-1","max-image-preview":"max-image-preview:large","max-video-preview":"max-video-preview:-1"},"canonical":"https:\/\/www.sleepcity.ee\/toode\/ergomotion-ergobox-voodi-koos-voodipesukastiga\/","og_locale":"et_EE","og_type":"article","og_title":"Ergomotion ErgoBox voodi koos voodipesukastiga - SleepCity - Hea Une Valem","og_description":"Ergomotion ErgoBox voodi koos voodipesukastiga 180x200cm   Mugavas ja praktilises ErgoBox voodis on \u00fchendatud vajadus puhkuseks ja tasakaaluks v\u00f5imalusega asju voodi alla hoiustada.  P\u00f5hijooned:   Juhtmeta kaugjuhtimispult  Pea ja jalgade t\u00f5stmine\/langetamine  Horisontaalne asend \u00fche nupuvajutusega  Energias\u00e4\u00e4sture\u017eiim  Silent Drive mootorid  Gravitatsiooni abil laskumine  Elektrikatkestuse kaitse","og_url":"https:\/\/www.sleepcity.ee\/toode\/ergomotion-ergobox-voodi-koos-voodipesukastiga\/","og_site_name":"SleepCity - Hea Une Valem","article_publisher":"http:\/\/www.fb.com\/TempurEstonia","article_modified_time":"2024-03-01T00:02:56+00:00","og_image":[{"width":656,"height":546,"url":"https:\/\/www.sleepcity.ee\/wp-content\/uploads\/2024\/02\/06_1695856898-9958f4bc45f57dfc8b12c874eff4d061.png","type":"image\/png"}],"twitter_card":"summary_large_image","schema":{"@context":"https:\/\/schema.org","@graph":[{"@type":"WebPage","@id":"https:\/\/www.sleepcity.ee\/toode\/ergomotion-ergobox-voodi-koos-voodipesukastiga\/","url":"https:\/\/www.sleepcity.ee\/toode\/ergomotion-ergobox-voodi-koos-voodipesukastiga\/","name":"Ergomotion ErgoBox voodi koos voodipesukastiga - SleepCity - Hea Une Valem","isPartOf":{"@id":"https:\/\/sleepcity.ee\/#website"},"primaryImageOfPage":{"@id":"https:\/\/www.sleepcity.ee\/toode\/ergomotion-ergobox-voodi-koos-voodipesukastiga\/#primaryimage"},"image":{"@id":"https:\/\/www.sleepcity.ee\/toode\/ergomotion-ergobox-voodi-koos-voodipesukastiga\/#primaryimage"},"thumbnailUrl":"https:\/\/www.sleepcity.ee\/wp-content\/uploads\/2024\/02\/06_1695856898-9958f4bc45f57dfc8b12c874eff4d061.png","datePublished":"2024-02-01T16:11:02+00:00","dateModified":"2024-03-01T00:02:56+00:00","description":"Ergomotion ErgoBox voodi koos voodipesukastiga 180x200cm Mugavas ja praktilises ErgoBox voodis on \u00fchendatud vajadus puhkuseks ja tasakaaluks v\u00f5imalusega asju voodi alla hoiustada. P\u00f5hijooned: Juhtmeta kaugjuhtimispult Pea ja jalgade t\u00f5stmine\/langetamine Horisontaalne asend \u00fche nupuvajutusega Energias\u00e4\u00e4sture\u017eiim Silent Drive mootorid Gravitatsiooni abil laskumine Elektrikatkestuse kaitse","breadcrumb":{"@id":"https:\/\/www.sleepcity.ee\/toode\/ergomotion-ergobox-voodi-koos-voodipesukastiga\/#breadcrumb"},"inLanguage":"et","potentialAction":[{"@type":"ReadAction","target":["https:\/\/www.sleepcity.ee\/toode\/ergomotion-ergobox-voodi-koos-voodipesukastiga\/"]}]},{"@type":"ImageObject","inLanguage":"et","@id":"https:\/\/www.sleepcity.ee\/toode\/ergomotion-ergobox-voodi-koos-voodipesukastiga\/#primaryimage","url":"https:\/\/www.sleepcity.ee\/wp-content\/uploads\/2024\/02\/06_1695856898-9958f4bc45f57dfc8b12c874eff4d061.png","contentUrl":"https:\/\/www.sleepcity.ee\/wp-content\/uploads\/2024\/02\/06_1695856898-9958f4bc45f57dfc8b12c874eff4d061.png","width":656,"height":546},{"@type":"BreadcrumbList","@id":"https:\/\/www.sleepcity.ee\/toode\/ergomotion-ergobox-voodi-koos-voodipesukastiga\/#breadcrumb","itemListElement":[{"@type":"ListItem","position":1,"name":"Home","item":"https:\/\/sleepcity.ee\/"},{"@type":"ListItem","position":2,"name":"Pood","item":"https:\/\/sleepcity.ee\/pood\/"},{"@type":"ListItem","position":3,"name":"Ergomotion ErgoBox voodi koos voodipesukastiga"}]},{"@type":"WebSite","@id":"https:\/\/sleepcity.ee\/#website","url":"https:\/\/sleepcity.ee\/","name":"Tempur Shop","description":"TEMPUR madratsid, voodid, padjad ja muud unetooted.","publisher":{"@id":"https:\/\/sleepcity.ee\/#organization"},"potentialAction":[{"@type":"SearchAction","target":{"@type":"EntryPoint","urlTemplate":"https:\/\/sleepcity.ee\/?s={search_term_string}"},"query-input":{"@type":"PropertyValueSpecification","valueRequired":true,"valueName":"search_term_string"}}],"inLanguage":"et"},{"@type":"Organization","@id":"https:\/\/sleepcity.ee\/#organization","name":"VG Design O\u00dc","url":"https:\/\/sleepcity.ee\/","logo":{"@type":"ImageObject","inLanguage":"et","@id":"https:\/\/sleepcity.ee\/#\/schema\/logo\/image\/","url":"https:\/\/www.sleepcity.ee\/wp-content\/uploads\/2023\/09\/sleepcity_logo.png","contentUrl":"https:\/\/www.sleepcity.ee\/wp-content\/uploads\/2023\/09\/sleepcity_logo.png","width":1034,"height":318,"caption":"VG Design O\u00dc"},"image":{"@id":"https:\/\/sleepcity.ee\/#\/schema\/logo\/image\/"},"sameAs":["http:\/\/www.fb.com\/TempurEstonia","http:\/\/www.instagram.com\/tempurestonia"]}]}},"_links":{"self":[{"href":"https:\/\/www.sleepcity.ee\/wp-json\/wp\/v2\/product\/7553","targetHints":{"allow":["GET"]}}],"collection":[{"href":"https:\/\/www.sleepcity.ee\/wp-json\/wp\/v2\/product"}],"about":[{"href":"https:\/\/www.sleepcity.ee\/wp-json\/wp\/v2\/types\/product"}],"replies":[{"embeddable":true,"href":"https:\/\/www.sleepcity.ee\/wp-json\/wp\/v2\/comments?post=7553"}],"wp:featuredmedia":[{"embeddable":true,"href":"https:\/\/www.sleepcity.ee\/wp-json\/wp\/v2\/media\/7558"}],"wp:attachment":[{"href":"https:\/\/www.sleepcity.ee\/wp-json\/wp\/v2\/media?parent=7553"}],"wp:term":[{"taxonomy":"product_brand","embeddable":true,"href":"https:\/\/www.sleepcity.ee\/wp-json\/wp\/v2\/product_brand?post=7553"},{"taxonomy":"product_cat","embeddable":true,"href":"https:\/\/www.sleepcity.ee\/wp-json\/wp\/v2\/product_cat?post=7553"},{"taxonomy":"product_tag","embeddable":true,"href":"https:\/\/www.sleepcity.ee\/wp-json\/wp\/v2\/product_tag?post=7553"}],"curies":[{"name":"wp","href":"https:\/\/api.w.org\/{rel}","templated":true}]}}