{"id":7668,"date":"2024-02-06T08:30:05","date_gmt":"2024-02-06T08:30:05","guid":{"rendered":"https:\/\/sleepcity.ee\/?post_type=product&#038;p=7668"},"modified":"2024-02-06T08:30:06","modified_gmt":"2024-02-06T08:30:06","slug":"smartsleep-beauty-ilutoitainete-kompleks","status":"publish","type":"product","link":"https:\/\/www.sleepcity.ee\/toode\/smartsleep-beauty-ilutoitainete-kompleks\/","title":{"rendered":"Smartsleep\u00ae BEAUTY ilutoitainete kompleks"},"content":{"rendered":"<p>Joogiampullid valitud vitamiinide, mineraalainete, aminohapete ja mikroelementidega nagu<br \/>\nA-vitamiin, niatsiin, biotiin ja tsink aitavad s\u00e4ilitada naha tervist, samas kui tsink ja seleen aitavad juuste ja k\u00fc\u00fcnte tervisega.<br \/>\nGluteenivaba, madala suhkrusisaldusega, laktoosivaba.<br \/>\nTroopilise apelsini maitse, magusainetega.<br \/>\nT\u00e4iskavanutele.<\/p>\n<p><strong>Soovitatud kasutamine:<\/strong> 1 joogiampull suukaudset vedelikku p\u00e4evas, enne magamaminekut. Jooge vedelik ampullist umbes 5-10 minutit enne magamaminekut, seej\u00e4rel minge kohe magama.<\/p>\n<p>Naha, juuste ja k\u00fc\u00fcnte taastumise ja hoolduse j\u00e4tkusuutlikuks toetamiseks soovitame igap\u00e4evast, pikaajalist kasutamist m\u00f5ne n\u00e4dala jooksul.<\/p>\n<p>Enne kasutamist loksutada. \u00c4rge \u00fcletage soovitatud annust. Toidulisandit ei tohiks kasutada toidu asendajana. Oluline on mitmekesine ja tasakaalustatud toitumine ning tervislik eluviis. Hoida lastele k\u00e4ttesaamatus kohas, temperatuuril mitte \u00fcle 25 kraadi, kuivas ja pimedas kohas, otsese p\u00e4ikesevalguse eest kaitstult.<\/p>\n<p><strong>Koostisained:<\/strong>\u00a0vesi, kollageenh\u00fcdrol\u00fcsaat, happesuse regulaator sidrunhape, L-gl\u00fctsiin, magneesiumkarbonaat, L-l\u00fcsiinvesinikkloriid, apelsinimahla kontsentraat 2,5%, sidrunimahla kontsentraat 2,5%, L-arginiin, L-askorbiinhape, l\u00f5hna- ja maitseained, naatriumh\u00fcaluronaat, riboflaviin, tsinkgl\u00fckonaat, s\u00e4ilitusained (naatriumbensoaat, kaaliumsorbaat), emulgaator (pol\u00fcoks\u00fcet\u00fcleen sorbitaan mono palmitaat (pol\u00fcsorbaat 40), rasvhapete mono- ja digl\u00fctseriidid), DL-alfa-tokofer\u00fc\u00fclatsetaat, nikotiinamiid, magusained (atsesulfaam K, sukraloos), vaskgl\u00fckonaat, retin\u00fc\u00fclpalmitaat, naatriumselenaat, D-biotiin. Sisaldab fen\u00fc\u00fclalaniini allikat.<\/p>\n<p><strong>Toitev\u00e4\u00e4rtus:<\/strong>\u00a025 ml vedelikku \u2013 A-vitamiin (\u00b5g RE) 560(70*), E-vitamiin (mg a-TE) 9(75*), C-vitamiin (mg) 80(100*), B2-vitamiin (mg) 0,6(43*), niatsiin (mg NE) 10(63*), biotiin (\u00b5g) 60(120*), magneesium (mg) 200(53*), tsink (mg) 10(100*), vask (\u00b5g) 0,3(30*), seleen (\u00b5g) 50(91*), kollageeni h\u00fcdrol\u00fcsaat 2,8 g, h\u00fcaluroonhape 120 mg; L-arginiin 500 mg, L-l\u00fcsiin 500 mg, L-gl\u00fctsiin 1000 mg.* \u2013 v\u00f5rdluskogus, %.<\/p>\n<p>&nbsp;<\/p>\n<p><strong>Tootja: Smartsleep\u00ae GmbH, Alle Gie\u00dferei 6-14, 40699 Erkrath, Saksamaa<\/strong><\/p>\n<p>&nbsp;<\/p>\n","protected":false},"excerpt":{"rendered":"<p>Esimene\u00a0<strong>ilutoitainete kompleks<\/strong> Sinu iluunele!<\/p>\n<p>Smartsleep\u00ae BEAUTY annab \u00f6\u00f6sel olulisi ilutoitaineid nagu h\u00fcaluroonhape, kollageen, vitamiinid, aminohapped ja mikroelemendid, mis toidavad \u00f6\u00f6 jooksul\u00a0 nahka, juukseid ja k\u00fc\u00fcsi.<\/p>\n<p>A-vitamiin, C-vitamiin, niatsiin, biotiin, tsink, vask ja seleen toidavad Sinu nahka, sidekudet, juukseid ja k\u00fc\u00fcsi \u2013 k\u00f5ik see hommikuse s\u00e4rava \u00e4rkamise nimel.<\/p>\n","protected":false},"featured_media":7675,"comment_status":"open","ping_status":"closed","template":"","meta":{"_monsterinsights_skip_tracking":false,"_monsterinsights_sitenote_active":false,"_monsterinsights_sitenote_note":"","_monsterinsights_sitenote_category":0},"product_brand":[],"product_cat":[272,509],"product_tag":[],"class_list":{"0":"post-7668","1":"product","2":"type-product","3":"status-publish","4":"has-post-thumbnail","6":"product_cat-meeleolu","7":"product_cat-toidulisandid","9":"first","10":"instock","11":"taxable","12":"shipping-taxable","13":"purchasable","14":"product-type-variable"},"yoast_head":"<!-- This site is optimized with the Yoast SEO plugin v27.4 - https:\/\/yoast.com\/product\/yoast-seo-wordpress\/ -->\n<title>Smartsleep\u00ae BEAUTY ilutoitainete kompleks - SleepCity - Hea Une Valem<\/title>\n<meta name=\"description\" content=\"Esimene\u00a0ilutoitainete kompleks Sinu iluunele!  Smartsleep\u00ae BEAUTY annab \u00f6\u00f6sel olulisi ilutoitaineid nagu h\u00fcaluroonhape, kollageen, vitamiinid, aminohapped ja mikroelemendid, mis toidavad \u00f6\u00f6 jooksul\u00a0 nahka, juukseid ja k\u00fc\u00fcsi.  A-vitamiin, C-vitamiin, niatsiin, biotiin, tsink, vask ja seleen toidavad Sinu nahka, sidekudet, juukseid ja k\u00fc\u00fcsi \u2013 k\u00f5ik see hommikuse s\u00e4rava \u00e4rkamise nimel.\" \/>\n<meta name=\"robots\" content=\"index, follow, max-snippet:-1, max-image-preview:large, max-video-preview:-1\" \/>\n<link rel=\"canonical\" href=\"https:\/\/sleepcity.ee\/toode\/smartsleep-beauty-ilutoitainete-kompleks\/\" \/>\n<meta property=\"og:locale\" content=\"et_EE\" \/>\n<meta property=\"og:type\" content=\"article\" \/>\n<meta property=\"og:title\" content=\"Smartsleep\u00ae BEAUTY ilutoitainete kompleks - SleepCity - Hea Une Valem\" \/>\n<meta property=\"og:description\" content=\"Esimene\u00a0ilutoitainete kompleks Sinu iluunele!  Smartsleep\u00ae BEAUTY annab \u00f6\u00f6sel olulisi ilutoitaineid nagu h\u00fcaluroonhape, kollageen, vitamiinid, aminohapped ja mikroelemendid, mis toidavad \u00f6\u00f6 jooksul\u00a0 nahka, juukseid ja k\u00fc\u00fcsi.  A-vitamiin, C-vitamiin, niatsiin, biotiin, tsink, vask ja seleen toidavad Sinu nahka, sidekudet, juukseid ja k\u00fc\u00fcsi \u2013 k\u00f5ik see hommikuse s\u00e4rava \u00e4rkamise nimel.\" \/>\n<meta property=\"og:url\" content=\"https:\/\/sleepcity.ee\/toode\/smartsleep-beauty-ilutoitainete-kompleks\/\" \/>\n<meta property=\"og:site_name\" content=\"SleepCity - Hea Une Valem\" \/>\n<meta property=\"article:publisher\" content=\"http:\/\/www.fb.com\/TempurEstonia\" \/>\n<meta property=\"article:modified_time\" content=\"2024-02-06T08:30:06+00:00\" \/>\n<meta property=\"og:image\" content=\"https:\/\/sleepcity.ee\/wp-content\/uploads\/2024\/02\/210309_instapost_BEAUTY_night_elixir-Kopie_1080x1080.webp\" \/>\n\t<meta property=\"og:image:width\" content=\"1080\" \/>\n\t<meta property=\"og:image:height\" content=\"1080\" \/>\n\t<meta property=\"og:image:type\" content=\"image\/webp\" \/>\n<meta name=\"twitter:card\" content=\"summary_large_image\" \/>\n<meta name=\"twitter:label1\" content=\"Est. reading time\" \/>\n\t<meta name=\"twitter:data1\" content=\"1 minut\" \/>\n<script type=\"application\/ld+json\" class=\"yoast-schema-graph\">{\"@context\":\"https:\\\/\\\/schema.org\",\"@graph\":[{\"@type\":\"WebPage\",\"@id\":\"https:\\\/\\\/sleepcity.ee\\\/toode\\\/smartsleep-beauty-ilutoitainete-kompleks\\\/\",\"url\":\"https:\\\/\\\/sleepcity.ee\\\/toode\\\/smartsleep-beauty-ilutoitainete-kompleks\\\/\",\"name\":\"Smartsleep\u00ae BEAUTY ilutoitainete kompleks - SleepCity - Hea Une Valem\",\"isPartOf\":{\"@id\":\"https:\\\/\\\/sleepcity.ee\\\/#website\"},\"primaryImageOfPage\":{\"@id\":\"https:\\\/\\\/sleepcity.ee\\\/toode\\\/smartsleep-beauty-ilutoitainete-kompleks\\\/#primaryimage\"},\"image\":{\"@id\":\"https:\\\/\\\/sleepcity.ee\\\/toode\\\/smartsleep-beauty-ilutoitainete-kompleks\\\/#primaryimage\"},\"thumbnailUrl\":\"https:\\\/\\\/www.sleepcity.ee\\\/wp-content\\\/uploads\\\/2024\\\/02\\\/210309_instapost_BEAUTY_night_elixir-Kopie_1080x1080.webp\",\"datePublished\":\"2024-02-06T08:30:05+00:00\",\"dateModified\":\"2024-02-06T08:30:06+00:00\",\"description\":\"Esimene\u00a0ilutoitainete kompleks Sinu iluunele! Smartsleep\u00ae BEAUTY annab \u00f6\u00f6sel olulisi ilutoitaineid nagu h\u00fcaluroonhape, kollageen, vitamiinid, aminohapped ja mikroelemendid, mis toidavad \u00f6\u00f6 jooksul\u00a0 nahka, juukseid ja k\u00fc\u00fcsi. A-vitamiin, C-vitamiin, niatsiin, biotiin, tsink, vask ja seleen toidavad Sinu nahka, sidekudet, juukseid ja k\u00fc\u00fcsi \u2013 k\u00f5ik see hommikuse s\u00e4rava \u00e4rkamise nimel.\",\"breadcrumb\":{\"@id\":\"https:\\\/\\\/sleepcity.ee\\\/toode\\\/smartsleep-beauty-ilutoitainete-kompleks\\\/#breadcrumb\"},\"inLanguage\":\"et\",\"potentialAction\":[{\"@type\":\"ReadAction\",\"target\":[\"https:\\\/\\\/sleepcity.ee\\\/toode\\\/smartsleep-beauty-ilutoitainete-kompleks\\\/\"]}]},{\"@type\":\"ImageObject\",\"inLanguage\":\"et\",\"@id\":\"https:\\\/\\\/sleepcity.ee\\\/toode\\\/smartsleep-beauty-ilutoitainete-kompleks\\\/#primaryimage\",\"url\":\"https:\\\/\\\/www.sleepcity.ee\\\/wp-content\\\/uploads\\\/2024\\\/02\\\/210309_instapost_BEAUTY_night_elixir-Kopie_1080x1080.webp\",\"contentUrl\":\"https:\\\/\\\/www.sleepcity.ee\\\/wp-content\\\/uploads\\\/2024\\\/02\\\/210309_instapost_BEAUTY_night_elixir-Kopie_1080x1080.webp\",\"width\":1080,\"height\":1080},{\"@type\":\"BreadcrumbList\",\"@id\":\"https:\\\/\\\/sleepcity.ee\\\/toode\\\/smartsleep-beauty-ilutoitainete-kompleks\\\/#breadcrumb\",\"itemListElement\":[{\"@type\":\"ListItem\",\"position\":1,\"name\":\"Home\",\"item\":\"https:\\\/\\\/sleepcity.ee\\\/\"},{\"@type\":\"ListItem\",\"position\":2,\"name\":\"Pood\",\"item\":\"https:\\\/\\\/sleepcity.ee\\\/pood\\\/\"},{\"@type\":\"ListItem\",\"position\":3,\"name\":\"Smartsleep\u00ae BEAUTY ilutoitainete kompleks\"}]},{\"@type\":\"WebSite\",\"@id\":\"https:\\\/\\\/sleepcity.ee\\\/#website\",\"url\":\"https:\\\/\\\/sleepcity.ee\\\/\",\"name\":\"Tempur Shop\",\"description\":\"TEMPUR madratsid, voodid, padjad ja muud unetooted.\",\"publisher\":{\"@id\":\"https:\\\/\\\/sleepcity.ee\\\/#organization\"},\"potentialAction\":[{\"@type\":\"SearchAction\",\"target\":{\"@type\":\"EntryPoint\",\"urlTemplate\":\"https:\\\/\\\/sleepcity.ee\\\/?s={search_term_string}\"},\"query-input\":{\"@type\":\"PropertyValueSpecification\",\"valueRequired\":true,\"valueName\":\"search_term_string\"}}],\"inLanguage\":\"et\"},{\"@type\":\"Organization\",\"@id\":\"https:\\\/\\\/sleepcity.ee\\\/#organization\",\"name\":\"VG Design O\u00dc\",\"url\":\"https:\\\/\\\/sleepcity.ee\\\/\",\"logo\":{\"@type\":\"ImageObject\",\"inLanguage\":\"et\",\"@id\":\"https:\\\/\\\/sleepcity.ee\\\/#\\\/schema\\\/logo\\\/image\\\/\",\"url\":\"https:\\\/\\\/www.sleepcity.ee\\\/wp-content\\\/uploads\\\/2023\\\/09\\\/sleepcity_logo.png\",\"contentUrl\":\"https:\\\/\\\/www.sleepcity.ee\\\/wp-content\\\/uploads\\\/2023\\\/09\\\/sleepcity_logo.png\",\"width\":1034,\"height\":318,\"caption\":\"VG Design O\u00dc\"},\"image\":{\"@id\":\"https:\\\/\\\/sleepcity.ee\\\/#\\\/schema\\\/logo\\\/image\\\/\"},\"sameAs\":[\"http:\\\/\\\/www.fb.com\\\/TempurEstonia\",\"http:\\\/\\\/www.instagram.com\\\/tempurestonia\"]}]}<\/script>\n<!-- \/ Yoast SEO plugin. -->","yoast_head_json":{"title":"Smartsleep\u00ae BEAUTY ilutoitainete kompleks - SleepCity - Hea Une Valem","description":"Esimene\u00a0ilutoitainete kompleks Sinu iluunele!  Smartsleep\u00ae BEAUTY annab \u00f6\u00f6sel olulisi ilutoitaineid nagu h\u00fcaluroonhape, kollageen, vitamiinid, aminohapped ja mikroelemendid, mis toidavad \u00f6\u00f6 jooksul\u00a0 nahka, juukseid ja k\u00fc\u00fcsi.  A-vitamiin, C-vitamiin, niatsiin, biotiin, tsink, vask ja seleen toidavad Sinu nahka, sidekudet, juukseid ja k\u00fc\u00fcsi \u2013 k\u00f5ik see hommikuse s\u00e4rava \u00e4rkamise nimel.","robots":{"index":"index","follow":"follow","max-snippet":"max-snippet:-1","max-image-preview":"max-image-preview:large","max-video-preview":"max-video-preview:-1"},"canonical":"https:\/\/sleepcity.ee\/toode\/smartsleep-beauty-ilutoitainete-kompleks\/","og_locale":"et_EE","og_type":"article","og_title":"Smartsleep\u00ae BEAUTY ilutoitainete kompleks - SleepCity - Hea Une Valem","og_description":"Esimene\u00a0ilutoitainete kompleks Sinu iluunele!  Smartsleep\u00ae BEAUTY annab \u00f6\u00f6sel olulisi ilutoitaineid nagu h\u00fcaluroonhape, kollageen, vitamiinid, aminohapped ja mikroelemendid, mis toidavad \u00f6\u00f6 jooksul\u00a0 nahka, juukseid ja k\u00fc\u00fcsi.  A-vitamiin, C-vitamiin, niatsiin, biotiin, tsink, vask ja seleen toidavad Sinu nahka, sidekudet, juukseid ja k\u00fc\u00fcsi \u2013 k\u00f5ik see hommikuse s\u00e4rava \u00e4rkamise nimel.","og_url":"https:\/\/sleepcity.ee\/toode\/smartsleep-beauty-ilutoitainete-kompleks\/","og_site_name":"SleepCity - Hea Une Valem","article_publisher":"http:\/\/www.fb.com\/TempurEstonia","article_modified_time":"2024-02-06T08:30:06+00:00","og_image":[{"width":1080,"height":1080,"url":"https:\/\/sleepcity.ee\/wp-content\/uploads\/2024\/02\/210309_instapost_BEAUTY_night_elixir-Kopie_1080x1080.webp","type":"image\/webp"}],"twitter_card":"summary_large_image","twitter_misc":{"Est. reading time":"1 minut"},"schema":{"@context":"https:\/\/schema.org","@graph":[{"@type":"WebPage","@id":"https:\/\/sleepcity.ee\/toode\/smartsleep-beauty-ilutoitainete-kompleks\/","url":"https:\/\/sleepcity.ee\/toode\/smartsleep-beauty-ilutoitainete-kompleks\/","name":"Smartsleep\u00ae BEAUTY ilutoitainete kompleks - SleepCity - Hea Une Valem","isPartOf":{"@id":"https:\/\/sleepcity.ee\/#website"},"primaryImageOfPage":{"@id":"https:\/\/sleepcity.ee\/toode\/smartsleep-beauty-ilutoitainete-kompleks\/#primaryimage"},"image":{"@id":"https:\/\/sleepcity.ee\/toode\/smartsleep-beauty-ilutoitainete-kompleks\/#primaryimage"},"thumbnailUrl":"https:\/\/www.sleepcity.ee\/wp-content\/uploads\/2024\/02\/210309_instapost_BEAUTY_night_elixir-Kopie_1080x1080.webp","datePublished":"2024-02-06T08:30:05+00:00","dateModified":"2024-02-06T08:30:06+00:00","description":"Esimene\u00a0ilutoitainete kompleks Sinu iluunele! Smartsleep\u00ae BEAUTY annab \u00f6\u00f6sel olulisi ilutoitaineid nagu h\u00fcaluroonhape, kollageen, vitamiinid, aminohapped ja mikroelemendid, mis toidavad \u00f6\u00f6 jooksul\u00a0 nahka, juukseid ja k\u00fc\u00fcsi. A-vitamiin, C-vitamiin, niatsiin, biotiin, tsink, vask ja seleen toidavad Sinu nahka, sidekudet, juukseid ja k\u00fc\u00fcsi \u2013 k\u00f5ik see hommikuse s\u00e4rava \u00e4rkamise nimel.","breadcrumb":{"@id":"https:\/\/sleepcity.ee\/toode\/smartsleep-beauty-ilutoitainete-kompleks\/#breadcrumb"},"inLanguage":"et","potentialAction":[{"@type":"ReadAction","target":["https:\/\/sleepcity.ee\/toode\/smartsleep-beauty-ilutoitainete-kompleks\/"]}]},{"@type":"ImageObject","inLanguage":"et","@id":"https:\/\/sleepcity.ee\/toode\/smartsleep-beauty-ilutoitainete-kompleks\/#primaryimage","url":"https:\/\/www.sleepcity.ee\/wp-content\/uploads\/2024\/02\/210309_instapost_BEAUTY_night_elixir-Kopie_1080x1080.webp","contentUrl":"https:\/\/www.sleepcity.ee\/wp-content\/uploads\/2024\/02\/210309_instapost_BEAUTY_night_elixir-Kopie_1080x1080.webp","width":1080,"height":1080},{"@type":"BreadcrumbList","@id":"https:\/\/sleepcity.ee\/toode\/smartsleep-beauty-ilutoitainete-kompleks\/#breadcrumb","itemListElement":[{"@type":"ListItem","position":1,"name":"Home","item":"https:\/\/sleepcity.ee\/"},{"@type":"ListItem","position":2,"name":"Pood","item":"https:\/\/sleepcity.ee\/pood\/"},{"@type":"ListItem","position":3,"name":"Smartsleep\u00ae BEAUTY ilutoitainete kompleks"}]},{"@type":"WebSite","@id":"https:\/\/sleepcity.ee\/#website","url":"https:\/\/sleepcity.ee\/","name":"Tempur Shop","description":"TEMPUR madratsid, voodid, padjad ja muud unetooted.","publisher":{"@id":"https:\/\/sleepcity.ee\/#organization"},"potentialAction":[{"@type":"SearchAction","target":{"@type":"EntryPoint","urlTemplate":"https:\/\/sleepcity.ee\/?s={search_term_string}"},"query-input":{"@type":"PropertyValueSpecification","valueRequired":true,"valueName":"search_term_string"}}],"inLanguage":"et"},{"@type":"Organization","@id":"https:\/\/sleepcity.ee\/#organization","name":"VG Design O\u00dc","url":"https:\/\/sleepcity.ee\/","logo":{"@type":"ImageObject","inLanguage":"et","@id":"https:\/\/sleepcity.ee\/#\/schema\/logo\/image\/","url":"https:\/\/www.sleepcity.ee\/wp-content\/uploads\/2023\/09\/sleepcity_logo.png","contentUrl":"https:\/\/www.sleepcity.ee\/wp-content\/uploads\/2023\/09\/sleepcity_logo.png","width":1034,"height":318,"caption":"VG Design O\u00dc"},"image":{"@id":"https:\/\/sleepcity.ee\/#\/schema\/logo\/image\/"},"sameAs":["http:\/\/www.fb.com\/TempurEstonia","http:\/\/www.instagram.com\/tempurestonia"]}]}},"_links":{"self":[{"href":"https:\/\/www.sleepcity.ee\/wp-json\/wp\/v2\/product\/7668","targetHints":{"allow":["GET"]}}],"collection":[{"href":"https:\/\/www.sleepcity.ee\/wp-json\/wp\/v2\/product"}],"about":[{"href":"https:\/\/www.sleepcity.ee\/wp-json\/wp\/v2\/types\/product"}],"replies":[{"embeddable":true,"href":"https:\/\/www.sleepcity.ee\/wp-json\/wp\/v2\/comments?post=7668"}],"wp:featuredmedia":[{"embeddable":true,"href":"https:\/\/www.sleepcity.ee\/wp-json\/wp\/v2\/media\/7675"}],"wp:attachment":[{"href":"https:\/\/www.sleepcity.ee\/wp-json\/wp\/v2\/media?parent=7668"}],"wp:term":[{"taxonomy":"product_brand","embeddable":true,"href":"https:\/\/www.sleepcity.ee\/wp-json\/wp\/v2\/product_brand?post=7668"},{"taxonomy":"product_cat","embeddable":true,"href":"https:\/\/www.sleepcity.ee\/wp-json\/wp\/v2\/product_cat?post=7668"},{"taxonomy":"product_tag","embeddable":true,"href":"https:\/\/www.sleepcity.ee\/wp-json\/wp\/v2\/product_tag?post=7668"}],"curies":[{"name":"wp","href":"https:\/\/api.w.org\/{rel}","templated":true}]}}