{"id":9790,"date":"2025-12-15T09:22:28","date_gmt":"2025-12-15T09:22:28","guid":{"rendered":"https:\/\/sleepcity.ee\/?post_type=product&#038;p=9790"},"modified":"2025-12-15T09:54:36","modified_gmt":"2025-12-15T09:54:36","slug":"katekreemi-kinkekomplekt-trio","status":"publish","type":"product","link":"https:\/\/sleepcity.ee\/toode\/katekreemi-kinkekomplekt-trio\/","title":{"rendered":"Max Benjamin k\u00e4tekreemi kinkekomplekt TRIO"},"content":{"rendered":"<div class=\"sub-content\">\n<h4><span dir=\"auto\">Toote koostisosad<\/span><\/h4>\n<p>&nbsp;<\/p>\n<p><strong><span dir=\"auto\">Prantsuse linane vesi<\/span><\/strong><span dir=\"auto\">\u00a0: vesi, gl\u00fctseriin, kapr\u00fc\u00fcl-\/kapriintrigl\u00fctseriid, tsetear\u00fc\u00fclalkohol, uurea, gl\u00fctser\u00fc\u00fclstearaat, Olea Europaea puuvilja\u00f5li, dimetikoon, tseteareth-20, Prunus Amygdalus Dulcis \u00f5li, Olus \u00f5li, tseteareth-12, tset\u00fc\u00fclpalmitaat, naatriumpol\u00fcakr\u00fclaat, et\u00fc\u00fclheks\u00fc\u00fclgl\u00fctseriin, fenoks\u00fcetanool, sidrunhape, parf\u00fc\u00fcm, limoneen, linalool, bens\u00fc\u00fclsalits\u00fclaat, kumariin, muskusketoon, tsitraal, tsitronellool.<\/span><\/p>\n<p><strong><span dir=\"auto\">Valge granaat\u00f5un<\/span><\/strong><span dir=\"auto\">\u00a0: vesi, gl\u00fctseriin, kapr\u00fc\u00fcl-\/kapriintrigl\u00fctseriid, tsetear\u00fc\u00fclalkohol, karbamiid, gl\u00fctser\u00fc\u00fclstearaat, Olea Europaea puuvilja\u00f5li, dimetikoon, tseteareth-20, Prunus Amygdalus Dulcis \u00f5li, Olus \u00f5li, tseteareth-12, tset\u00fc\u00fclpalmitaat, naatriumpol\u00fcakr\u00fclaat, et\u00fc\u00fclheks\u00fc\u00fclgl\u00fctseriin, fenoks\u00fcetanool, sidrunhape, parf\u00fc\u00fcm, heks\u00fc\u00fcltsinnamaal, tsitronellool, limoneen.<\/span><\/p>\n<p><strong><span dir=\"auto\">Sidrunhein ja ingver<\/span><\/strong><span dir=\"auto\">\u00a0: vesi, gl\u00fctseriin, kapr\u00fc\u00fcl-\/kapriintrigl\u00fctseriid, tsetear\u00fc\u00fclalkohol, uurea, gl\u00fctser\u00fc\u00fclstearaat, Olea Europaea vilja\u00f5li, dimetikoon, tseteareth-20, Prunus Amygdalus Dulcis \u00f5li, Olus \u00f5li, tseteareth-12, tset\u00fc\u00fclpalmitaat, naatriumpol\u00fcakr\u00fclaat, et\u00fc\u00fclheks\u00fc\u00fclgl\u00fctseriin, fenoks\u00fcetanool, sidrunhape, parf\u00fc\u00fcm, tsitraal, limoneen, linalool, tsinnamaal.<\/span><\/p>\n<p>&nbsp;<\/p>\n<p>&nbsp;<\/p>\n<\/div>\n<div class=\"sub-content\">\n<h4><span dir=\"auto\">Ettevaatusabin\u00f5ud<\/span><\/h4>\n<p>&nbsp;<\/p>\n<p><span dir=\"auto\">Hoida toatemperatuuril, 5\u201325 \u00b0C. V\u00e4ltida silma sattumist. Silma sattumisel loputada hoolikalt sooja veega. \u00c4rrituse p\u00fcsimisel v\u00f5i allaneelamisel p\u00f6\u00f6rduda arsti poole. Ei ole m\u00f5eldud n\u00e4ole kasutamiseks. Ei ole<\/span> testitud loomade peal.<\/p>\n<\/div>\n","protected":false},"excerpt":{"rendered":"<p><span dir=\"auto\">K\u00e4tekreemi kinkekomplekt 75ml x 3<\/span><\/p>\n<p><span dir=\"auto\">Prantsuse linane vesi x 1<\/span><\/p>\n<p><span dir=\"auto\">Valge granaat\u00f5un x 1<\/span><\/p>\n<p><span dir=\"auto\">Sidrunhein ja ingver x 1<\/span><\/p>\n<p><span dir=\"auto\">Kolmik k\u00e4tekreemi meie klassikalistes l\u00f5hnades.<\/span><\/p>\n<p class=\"cvGsUA direction-ltr align-center para-style-body\"><span class=\"OYPEnA text-decoration-none text-strikethrough-none\"><span dir=\"auto\">Valmistatud oliivi\u00f5liga, millel on nahale antioks\u00fcdantsed omadused. Sisaldab niisutavat magusa mandli\u00f5li\u00a0<\/span><\/span><span class=\"OYPEnA text-decoration-none text-strikethrough-none\"><span dir=\"auto\">ja nahka pehmendavat ja siluvat oliivi\u00f5li.\u00a0<\/span><\/span><span class=\"OYPEnA text-decoration-none text-strikethrough-none\"><span dir=\"auto\">93% koostisosadest on looduslikku p\u00e4ritolu.<\/span><\/span><\/p>\n<p><span dir=\"auto\">Kasutamine: Masseeri k\u00e4tele. Kasuta regulaarselt.<\/span><\/p>\n","protected":false},"featured_media":9792,"comment_status":"open","ping_status":"closed","template":"","meta":{"_monsterinsights_skip_tracking":false,"_monsterinsights_sitenote_active":false,"_monsterinsights_sitenote_note":"","_monsterinsights_sitenote_category":0},"product_brand":[],"product_cat":[273,687,272,15],"product_tag":[],"class_list":{"0":"post-9790","1":"product","2":"type-product","3":"status-publish","4":"has-post-thumbnail","6":"product_cat-iseendale","7":"product_cat-kingitused","8":"product_cat-meeleolu","9":"product_cat-muu","11":"first","12":"instock","13":"taxable","14":"shipping-taxable","15":"purchasable","16":"product-type-simple"},"yoast_head":"<!-- This site is optimized with the Yoast SEO plugin v27.4 - https:\/\/yoast.com\/product\/yoast-seo-wordpress\/ -->\n<title>Max Benjamin k\u00e4tekreemi kinkekomplekt TRIO - SleepCity - Hea Une Valem<\/title>\n<meta name=\"description\" content=\"K\u00e4tekreemi kinkekomplekt 75ml x 3  Prantsuse linane vesi x 1  Valge granaat\u00f5un x 1  Sidrunhein ja ingver x 1  Kolmik k\u00e4tekreemi meie klassikalistes l\u00f5hnades. Valmistatud oliivi\u00f5liga, millel on nahale antioks\u00fcdantsed omadused. Sisaldab niisutavat magusa mandli\u00f5li\u00a0ja nahka pehmendavat ja siluvat oliivi\u00f5li.\u00a093% koostisosadest on looduslikku p\u00e4ritolu. Kasutamine: Masseeri k\u00e4tele. Kasuta regulaarselt.\" \/>\n<meta name=\"robots\" content=\"index, follow, max-snippet:-1, max-image-preview:large, max-video-preview:-1\" \/>\n<link rel=\"canonical\" href=\"https:\/\/sleepcity.ee\/toode\/katekreemi-kinkekomplekt-trio\/\" \/>\n<meta property=\"og:locale\" content=\"et_EE\" \/>\n<meta property=\"og:type\" content=\"article\" \/>\n<meta property=\"og:title\" content=\"Max Benjamin k\u00e4tekreemi kinkekomplekt TRIO - SleepCity - Hea Une Valem\" \/>\n<meta property=\"og:description\" content=\"K\u00e4tekreemi kinkekomplekt 75ml x 3  Prantsuse linane vesi x 1  Valge granaat\u00f5un x 1  Sidrunhein ja ingver x 1  Kolmik k\u00e4tekreemi meie klassikalistes l\u00f5hnades. Valmistatud oliivi\u00f5liga, millel on nahale antioks\u00fcdantsed omadused. Sisaldab niisutavat magusa mandli\u00f5li\u00a0ja nahka pehmendavat ja siluvat oliivi\u00f5li.\u00a093% koostisosadest on looduslikku p\u00e4ritolu. Kasutamine: Masseeri k\u00e4tele. Kasuta regulaarselt.\" \/>\n<meta property=\"og:url\" content=\"https:\/\/sleepcity.ee\/toode\/katekreemi-kinkekomplekt-trio\/\" \/>\n<meta property=\"og:site_name\" content=\"SleepCity - Hea Une Valem\" \/>\n<meta property=\"article:publisher\" content=\"http:\/\/www.fb.com\/TempurEstonia\" \/>\n<meta property=\"article:modified_time\" content=\"2025-12-15T09:54:36+00:00\" \/>\n<meta property=\"og:image\" content=\"https:\/\/sleepcity.ee\/wp-content\/uploads\/2025\/12\/Hand-Cream-Trio-1-scaled-1.jpg\" \/>\n\t<meta property=\"og:image:width\" content=\"1920\" \/>\n\t<meta property=\"og:image:height\" content=\"1920\" \/>\n\t<meta property=\"og:image:type\" content=\"image\/jpeg\" \/>\n<meta name=\"twitter:card\" content=\"summary_large_image\" \/>\n<meta name=\"twitter:label1\" content=\"Est. reading time\" \/>\n\t<meta name=\"twitter:data1\" content=\"1 minut\" \/>\n<script type=\"application\/ld+json\" class=\"yoast-schema-graph\">{\"@context\":\"https:\\\/\\\/schema.org\",\"@graph\":[{\"@type\":\"WebPage\",\"@id\":\"https:\\\/\\\/sleepcity.ee\\\/toode\\\/katekreemi-kinkekomplekt-trio\\\/\",\"url\":\"https:\\\/\\\/sleepcity.ee\\\/toode\\\/katekreemi-kinkekomplekt-trio\\\/\",\"name\":\"Max Benjamin k\u00e4tekreemi kinkekomplekt TRIO - SleepCity - Hea Une Valem\",\"isPartOf\":{\"@id\":\"https:\\\/\\\/sleepcity.ee\\\/#website\"},\"primaryImageOfPage\":{\"@id\":\"https:\\\/\\\/sleepcity.ee\\\/toode\\\/katekreemi-kinkekomplekt-trio\\\/#primaryimage\"},\"image\":{\"@id\":\"https:\\\/\\\/sleepcity.ee\\\/toode\\\/katekreemi-kinkekomplekt-trio\\\/#primaryimage\"},\"thumbnailUrl\":\"https:\\\/\\\/sleepcity.ee\\\/wp-content\\\/uploads\\\/2025\\\/12\\\/Hand-Cream-Trio-1-scaled-1.jpg\",\"datePublished\":\"2025-12-15T09:22:28+00:00\",\"dateModified\":\"2025-12-15T09:54:36+00:00\",\"description\":\"K\u00e4tekreemi kinkekomplekt 75ml x 3 Prantsuse linane vesi x 1 Valge granaat\u00f5un x 1 Sidrunhein ja ingver x 1 Kolmik k\u00e4tekreemi meie klassikalistes l\u00f5hnades. Valmistatud oliivi\u00f5liga, millel on nahale antioks\u00fcdantsed omadused. Sisaldab niisutavat magusa mandli\u00f5li\u00a0ja nahka pehmendavat ja siluvat oliivi\u00f5li.\u00a093% koostisosadest on looduslikku p\u00e4ritolu. Kasutamine: Masseeri k\u00e4tele. Kasuta regulaarselt.\",\"breadcrumb\":{\"@id\":\"https:\\\/\\\/sleepcity.ee\\\/toode\\\/katekreemi-kinkekomplekt-trio\\\/#breadcrumb\"},\"inLanguage\":\"et\",\"potentialAction\":[{\"@type\":\"ReadAction\",\"target\":[\"https:\\\/\\\/sleepcity.ee\\\/toode\\\/katekreemi-kinkekomplekt-trio\\\/\"]}]},{\"@type\":\"ImageObject\",\"inLanguage\":\"et\",\"@id\":\"https:\\\/\\\/sleepcity.ee\\\/toode\\\/katekreemi-kinkekomplekt-trio\\\/#primaryimage\",\"url\":\"https:\\\/\\\/sleepcity.ee\\\/wp-content\\\/uploads\\\/2025\\\/12\\\/Hand-Cream-Trio-1-scaled-1.jpg\",\"contentUrl\":\"https:\\\/\\\/sleepcity.ee\\\/wp-content\\\/uploads\\\/2025\\\/12\\\/Hand-Cream-Trio-1-scaled-1.jpg\",\"width\":1920,\"height\":1920},{\"@type\":\"BreadcrumbList\",\"@id\":\"https:\\\/\\\/sleepcity.ee\\\/toode\\\/katekreemi-kinkekomplekt-trio\\\/#breadcrumb\",\"itemListElement\":[{\"@type\":\"ListItem\",\"position\":1,\"name\":\"Home\",\"item\":\"https:\\\/\\\/sleepcity.ee\\\/\"},{\"@type\":\"ListItem\",\"position\":2,\"name\":\"Pood\",\"item\":\"https:\\\/\\\/sleepcity.ee\\\/pood\\\/\"},{\"@type\":\"ListItem\",\"position\":3,\"name\":\"Max Benjamin k\u00e4tekreemi kinkekomplekt TRIO\"}]},{\"@type\":\"WebSite\",\"@id\":\"https:\\\/\\\/sleepcity.ee\\\/#website\",\"url\":\"https:\\\/\\\/sleepcity.ee\\\/\",\"name\":\"Tempur Shop\",\"description\":\"TEMPUR madratsid, voodid, padjad ja muud unetooted.\",\"publisher\":{\"@id\":\"https:\\\/\\\/sleepcity.ee\\\/#organization\"},\"potentialAction\":[{\"@type\":\"SearchAction\",\"target\":{\"@type\":\"EntryPoint\",\"urlTemplate\":\"https:\\\/\\\/sleepcity.ee\\\/?s={search_term_string}\"},\"query-input\":{\"@type\":\"PropertyValueSpecification\",\"valueRequired\":true,\"valueName\":\"search_term_string\"}}],\"inLanguage\":\"et\"},{\"@type\":\"Organization\",\"@id\":\"https:\\\/\\\/sleepcity.ee\\\/#organization\",\"name\":\"VG Design O\u00dc\",\"url\":\"https:\\\/\\\/sleepcity.ee\\\/\",\"logo\":{\"@type\":\"ImageObject\",\"inLanguage\":\"et\",\"@id\":\"https:\\\/\\\/sleepcity.ee\\\/#\\\/schema\\\/logo\\\/image\\\/\",\"url\":\"https:\\\/\\\/sleepcity.ee\\\/wp-content\\\/uploads\\\/2023\\\/09\\\/sleepcity_logo.png\",\"contentUrl\":\"https:\\\/\\\/sleepcity.ee\\\/wp-content\\\/uploads\\\/2023\\\/09\\\/sleepcity_logo.png\",\"width\":1034,\"height\":318,\"caption\":\"VG Design O\u00dc\"},\"image\":{\"@id\":\"https:\\\/\\\/sleepcity.ee\\\/#\\\/schema\\\/logo\\\/image\\\/\"},\"sameAs\":[\"http:\\\/\\\/www.fb.com\\\/TempurEstonia\",\"http:\\\/\\\/www.instagram.com\\\/tempurestonia\"]}]}<\/script>\n<!-- \/ Yoast SEO plugin. -->","yoast_head_json":{"title":"Max Benjamin k\u00e4tekreemi kinkekomplekt TRIO - SleepCity - Hea Une Valem","description":"K\u00e4tekreemi kinkekomplekt 75ml x 3  Prantsuse linane vesi x 1  Valge granaat\u00f5un x 1  Sidrunhein ja ingver x 1  Kolmik k\u00e4tekreemi meie klassikalistes l\u00f5hnades. Valmistatud oliivi\u00f5liga, millel on nahale antioks\u00fcdantsed omadused. Sisaldab niisutavat magusa mandli\u00f5li\u00a0ja nahka pehmendavat ja siluvat oliivi\u00f5li.\u00a093% koostisosadest on looduslikku p\u00e4ritolu. Kasutamine: Masseeri k\u00e4tele. Kasuta regulaarselt.","robots":{"index":"index","follow":"follow","max-snippet":"max-snippet:-1","max-image-preview":"max-image-preview:large","max-video-preview":"max-video-preview:-1"},"canonical":"https:\/\/sleepcity.ee\/toode\/katekreemi-kinkekomplekt-trio\/","og_locale":"et_EE","og_type":"article","og_title":"Max Benjamin k\u00e4tekreemi kinkekomplekt TRIO - SleepCity - Hea Une Valem","og_description":"K\u00e4tekreemi kinkekomplekt 75ml x 3  Prantsuse linane vesi x 1  Valge granaat\u00f5un x 1  Sidrunhein ja ingver x 1  Kolmik k\u00e4tekreemi meie klassikalistes l\u00f5hnades. Valmistatud oliivi\u00f5liga, millel on nahale antioks\u00fcdantsed omadused. Sisaldab niisutavat magusa mandli\u00f5li\u00a0ja nahka pehmendavat ja siluvat oliivi\u00f5li.\u00a093% koostisosadest on looduslikku p\u00e4ritolu. Kasutamine: Masseeri k\u00e4tele. Kasuta regulaarselt.","og_url":"https:\/\/sleepcity.ee\/toode\/katekreemi-kinkekomplekt-trio\/","og_site_name":"SleepCity - Hea Une Valem","article_publisher":"http:\/\/www.fb.com\/TempurEstonia","article_modified_time":"2025-12-15T09:54:36+00:00","og_image":[{"width":1920,"height":1920,"url":"https:\/\/sleepcity.ee\/wp-content\/uploads\/2025\/12\/Hand-Cream-Trio-1-scaled-1.jpg","type":"image\/jpeg"}],"twitter_card":"summary_large_image","twitter_misc":{"Est. reading time":"1 minut"},"schema":{"@context":"https:\/\/schema.org","@graph":[{"@type":"WebPage","@id":"https:\/\/sleepcity.ee\/toode\/katekreemi-kinkekomplekt-trio\/","url":"https:\/\/sleepcity.ee\/toode\/katekreemi-kinkekomplekt-trio\/","name":"Max Benjamin k\u00e4tekreemi kinkekomplekt TRIO - SleepCity - Hea Une Valem","isPartOf":{"@id":"https:\/\/sleepcity.ee\/#website"},"primaryImageOfPage":{"@id":"https:\/\/sleepcity.ee\/toode\/katekreemi-kinkekomplekt-trio\/#primaryimage"},"image":{"@id":"https:\/\/sleepcity.ee\/toode\/katekreemi-kinkekomplekt-trio\/#primaryimage"},"thumbnailUrl":"https:\/\/sleepcity.ee\/wp-content\/uploads\/2025\/12\/Hand-Cream-Trio-1-scaled-1.jpg","datePublished":"2025-12-15T09:22:28+00:00","dateModified":"2025-12-15T09:54:36+00:00","description":"K\u00e4tekreemi kinkekomplekt 75ml x 3 Prantsuse linane vesi x 1 Valge granaat\u00f5un x 1 Sidrunhein ja ingver x 1 Kolmik k\u00e4tekreemi meie klassikalistes l\u00f5hnades. Valmistatud oliivi\u00f5liga, millel on nahale antioks\u00fcdantsed omadused. Sisaldab niisutavat magusa mandli\u00f5li\u00a0ja nahka pehmendavat ja siluvat oliivi\u00f5li.\u00a093% koostisosadest on looduslikku p\u00e4ritolu. Kasutamine: Masseeri k\u00e4tele. Kasuta regulaarselt.","breadcrumb":{"@id":"https:\/\/sleepcity.ee\/toode\/katekreemi-kinkekomplekt-trio\/#breadcrumb"},"inLanguage":"et","potentialAction":[{"@type":"ReadAction","target":["https:\/\/sleepcity.ee\/toode\/katekreemi-kinkekomplekt-trio\/"]}]},{"@type":"ImageObject","inLanguage":"et","@id":"https:\/\/sleepcity.ee\/toode\/katekreemi-kinkekomplekt-trio\/#primaryimage","url":"https:\/\/sleepcity.ee\/wp-content\/uploads\/2025\/12\/Hand-Cream-Trio-1-scaled-1.jpg","contentUrl":"https:\/\/sleepcity.ee\/wp-content\/uploads\/2025\/12\/Hand-Cream-Trio-1-scaled-1.jpg","width":1920,"height":1920},{"@type":"BreadcrumbList","@id":"https:\/\/sleepcity.ee\/toode\/katekreemi-kinkekomplekt-trio\/#breadcrumb","itemListElement":[{"@type":"ListItem","position":1,"name":"Home","item":"https:\/\/sleepcity.ee\/"},{"@type":"ListItem","position":2,"name":"Pood","item":"https:\/\/sleepcity.ee\/pood\/"},{"@type":"ListItem","position":3,"name":"Max Benjamin k\u00e4tekreemi kinkekomplekt TRIO"}]},{"@type":"WebSite","@id":"https:\/\/sleepcity.ee\/#website","url":"https:\/\/sleepcity.ee\/","name":"Tempur Shop","description":"TEMPUR madratsid, voodid, padjad ja muud unetooted.","publisher":{"@id":"https:\/\/sleepcity.ee\/#organization"},"potentialAction":[{"@type":"SearchAction","target":{"@type":"EntryPoint","urlTemplate":"https:\/\/sleepcity.ee\/?s={search_term_string}"},"query-input":{"@type":"PropertyValueSpecification","valueRequired":true,"valueName":"search_term_string"}}],"inLanguage":"et"},{"@type":"Organization","@id":"https:\/\/sleepcity.ee\/#organization","name":"VG Design O\u00dc","url":"https:\/\/sleepcity.ee\/","logo":{"@type":"ImageObject","inLanguage":"et","@id":"https:\/\/sleepcity.ee\/#\/schema\/logo\/image\/","url":"https:\/\/sleepcity.ee\/wp-content\/uploads\/2023\/09\/sleepcity_logo.png","contentUrl":"https:\/\/sleepcity.ee\/wp-content\/uploads\/2023\/09\/sleepcity_logo.png","width":1034,"height":318,"caption":"VG Design O\u00dc"},"image":{"@id":"https:\/\/sleepcity.ee\/#\/schema\/logo\/image\/"},"sameAs":["http:\/\/www.fb.com\/TempurEstonia","http:\/\/www.instagram.com\/tempurestonia"]}]}},"_links":{"self":[{"href":"https:\/\/sleepcity.ee\/wp-json\/wp\/v2\/product\/9790","targetHints":{"allow":["GET"]}}],"collection":[{"href":"https:\/\/sleepcity.ee\/wp-json\/wp\/v2\/product"}],"about":[{"href":"https:\/\/sleepcity.ee\/wp-json\/wp\/v2\/types\/product"}],"replies":[{"embeddable":true,"href":"https:\/\/sleepcity.ee\/wp-json\/wp\/v2\/comments?post=9790"}],"wp:featuredmedia":[{"embeddable":true,"href":"https:\/\/sleepcity.ee\/wp-json\/wp\/v2\/media\/9792"}],"wp:attachment":[{"href":"https:\/\/sleepcity.ee\/wp-json\/wp\/v2\/media?parent=9790"}],"wp:term":[{"taxonomy":"product_brand","embeddable":true,"href":"https:\/\/sleepcity.ee\/wp-json\/wp\/v2\/product_brand?post=9790"},{"taxonomy":"product_cat","embeddable":true,"href":"https:\/\/sleepcity.ee\/wp-json\/wp\/v2\/product_cat?post=9790"},{"taxonomy":"product_tag","embeddable":true,"href":"https:\/\/sleepcity.ee\/wp-json\/wp\/v2\/product_tag?post=9790"}],"curies":[{"name":"wp","href":"https:\/\/api.w.org\/{rel}","templated":true}]}}